{"id":12324,"date":"2021-07-28T11:32:42","date_gmt":"2021-07-28T11:32:42","guid":{"rendered":"https:\/\/camping.webspace.rocks\/?product=coleman-tunnelzelt-pinto-mountain-5-plus"},"modified":"2023-04-09T10:07:29","modified_gmt":"2023-04-09T10:07:29","slug":"coleman-tunnelzelt-pinto-mountain-5-plus","status":"publish","type":"product","link":"https:\/\/camping.webspace.rocks\/?product=coleman-tunnelzelt-pinto-mountain-5-plus","title":{"rendered":"Coleman Tunnelzelt Pinto Mountain 5 Plus"},"content":{"rendered":"<p>\n\t\t<style type=\"text\/css\">\n\t\t\t#gallery-1 {\n\t\t\t\tmargin: auto;\n\t\t\t}\n\t\t\t#gallery-1 .gallery-item {\n\t\t\t\tfloat: left;\n\t\t\t\tmargin-top: 10px;\n\t\t\t\ttext-align: center;\n\t\t\t\twidth: 33%;\n\t\t\t}\n\t\t\t#gallery-1 img {\n\t\t\t\tborder: 2px solid #cfcfcf;\n\t\t\t}\n\t\t\t#gallery-1 .gallery-caption {\n\t\t\t\tmargin-left: 0;\n\t\t\t}\n\t\t\t\/* see gallery_shortcode() in wp-includes\/media.php *\/\n\t\t<\/style>\n\t\t<div id='gallery-1' class='gallery galleryid-12324 gallery-columns-3 gallery-size-thumbnail'><dl class='gallery-item'>\n\t\t\t<dt class='gallery-icon landscape'>\n\t\t\t\t<a href='https:\/\/camping.webspace.rocks\/?attachment_id=12325'><img width=\"150\" height=\"150\" src=\"https:\/\/m.media-amazon.com\/images\/I\/41Msw4hlZiL._SS150_.jpg\" class=\"attachment-thumbnail size-thumbnail\" alt=\"\" loading=\"lazy\" srcset=\"https:\/\/m.media-amazon.com\/images\/I\/41Msw4hlZiL._SS150_.jpg 150w, https:\/\/m.media-amazon.com\/images\/I\/41Msw4hlZiL._SS300_.jpg 300w, https:\/\/m.media-amazon.com\/images\/I\/41Msw4hlZiL._SS768_.jpg 768w, https:\/\/m.media-amazon.com\/images\/I\/41Msw4hlZiL._SS1024_.jpg 1024w, https:\/\/m.media-amazon.com\/images\/I\/41Msw4hlZiL._SS1536_.jpg 1536w, https:\/\/m.media-amazon.com\/images\/I\/41Msw4hlZiL._SS2048_.jpg 2048w, https:\/\/m.media-amazon.com\/images\/I\/41Msw4hlZiL._SS1200_.jpg 1200w, https:\/\/m.media-amazon.com\/images\/I\/41Msw4hlZiL._SS600_.jpg 600w, https:\/\/m.media-amazon.com\/images\/I\/41Msw4hlZiL.jpg 500w\" sizes=\"(max-width: 150px) 100vw, 150px\" \/><\/a>\n\t\t\t<\/dt><\/dl><dl class='gallery-item'>\n\t\t\t<dt class='gallery-icon landscape'>\n\t\t\t\t<a href='https:\/\/camping.webspace.rocks\/?attachment_id=12326'><img width=\"150\" height=\"150\" src=\"https:\/\/m.media-amazon.com\/images\/I\/414BmrDwS+L._SS150_.jpg\" class=\"attachment-thumbnail size-thumbnail\" alt=\"\" loading=\"lazy\" srcset=\"https:\/\/m.media-amazon.com\/images\/I\/414BmrDwS+L._SS150_.jpg 150w, https:\/\/m.media-amazon.com\/images\/I\/414BmrDwS+L._SS300_.jpg 300w, https:\/\/m.media-amazon.com\/images\/I\/414BmrDwS+L._SS768_.jpg 768w, https:\/\/m.media-amazon.com\/images\/I\/414BmrDwS+L._SS1024_.jpg 1024w, https:\/\/m.media-amazon.com\/images\/I\/414BmrDwS+L._SS1536_.jpg 1536w, https:\/\/m.media-amazon.com\/images\/I\/414BmrDwS+L._SS2048_.jpg 2048w, https:\/\/m.media-amazon.com\/images\/I\/414BmrDwS+L._SS1200_.jpg 1200w, https:\/\/m.media-amazon.com\/images\/I\/414BmrDwS+L._SS600_.jpg 600w, https:\/\/m.media-amazon.com\/images\/I\/414BmrDwS+L.jpg 500w\" sizes=\"(max-width: 150px) 100vw, 150px\" \/><\/a>\n\t\t\t<\/dt><\/dl><dl class='gallery-item'>\n\t\t\t<dt class='gallery-icon landscape'>\n\t\t\t\t<a href='https:\/\/camping.webspace.rocks\/?attachment_id=12327'><img width=\"150\" height=\"150\" src=\"https:\/\/m.media-amazon.com\/images\/I\/51JfoSNbHML._SS150_.jpg\" class=\"attachment-thumbnail size-thumbnail\" alt=\"\" loading=\"lazy\" srcset=\"https:\/\/m.media-amazon.com\/images\/I\/51JfoSNbHML._SS150_.jpg 150w, https:\/\/m.media-amazon.com\/images\/I\/51JfoSNbHML._SS300_.jpg 300w, https:\/\/m.media-amazon.com\/images\/I\/51JfoSNbHML._SS768_.jpg 768w, https:\/\/m.media-amazon.com\/images\/I\/51JfoSNbHML._SS1024_.jpg 1024w, https:\/\/m.media-amazon.com\/images\/I\/51JfoSNbHML._SS1536_.jpg 1536w, https:\/\/m.media-amazon.com\/images\/I\/51JfoSNbHML._SS2048_.jpg 2048w, https:\/\/m.media-amazon.com\/images\/I\/51JfoSNbHML._SS1200_.jpg 1200w, https:\/\/m.media-amazon.com\/images\/I\/51JfoSNbHML._SS600_.jpg 600w, https:\/\/m.media-amazon.com\/images\/I\/51JfoSNbHML.jpg 500w\" sizes=\"(max-width: 150px) 100vw, 150px\" \/><\/a>\n\t\t\t<\/dt><\/dl><br style=\"clear: both\" \/>\n\t\t<\/div>\n<br \/>\n<!-- show up to 2 reviews by default --><br \/>\nZwei gro\u00dfe verdunkelte-Schlafkabinen: bis zu 99% des Tageslichts werden blockiert und sorgen f\u00fcr einen erholsamen Schlaf; au\u00dferdem ist es innen auch tags\u00fcber bis zu 5\u00b0C k\u00fchler<br \/>\nGro\u00dfe, stabiles f\u00fcnf Personen Tunnelzelt: einfach aufzubauen; flexibles Fiberglasgest\u00e4nge f\u00fcr die ultimative Balance von Stabilit\u00e4t und Gewicht h\u00e4lt selbst starkem Wind Stand<br \/>\nPraktischer Vorraum: gro\u00df genug f\u00fcr die Aufbewahrung von Ausr\u00fcstung und Schuhen; PVC-Fenstern mit Verdunkelungsm\u00f6glichkeit bieten eine gute Balance zwischen Lichteinfall und Privatsph\u00e4re<br \/>\n100% wasserdichtes Zelt: 4500mm Wassers\u00e4ule in Kombination mit abgeklebten N\u00e4hten und vollst\u00e4ndig eingen\u00e4hter Bodenplane, absolut wasserdicht; UV Guard 50+ bietet hohen Schutz bei Sonneneinstrahlung<br \/>\nGr\u00f6\u00dfe Zelt aufgebaut: 6,3 x 3,1 x 1,85 m (LxBxH); Schlafkabine: 6m\u00b2 + Vorraum: 9,8m\u00b2 = 15, 8m\u00b2; Packma\u00df: 70 x 32 x 30 cm; Gewicht: 16,8 kg; inkl. Tragetasche, Abspannseile und ausreichend Zeltheringe<br \/>\n<div class=\"main-cross-sell\" data-asin=\"B0798RD5Z1\">\n\n\t<div class=\"WooZone-cross-sell-loader\">\n\t\t<div>\n\t\t\t<div id=\"floatingBarsG\">\n\t\t\t\t<div class=\"blockG\" id=\"rotateG_01\"><\/div>\n\t\t\t\t<div class=\"blockG\" id=\"rotateG_02\"><\/div>\n\t\t\t\t<div class=\"blockG\" id=\"rotateG_03\"><\/div>\n\t\t\t\t<div class=\"blockG\" id=\"rotateG_04\"><\/div>\n\t\t\t\t<div class=\"blockG\" id=\"rotateG_05\"><\/div>\n\t\t\t\t<div class=\"blockG\" id=\"rotateG_06\"><\/div>\n\t\t\t\t<div class=\"blockG\" id=\"rotateG_07\"><\/div>\n\t\t\t\t<div class=\"blockG\" id=\"rotateG_08\"><\/div>\n\t\t\t<\/div>\n\t\t\t<div class=\"WooZone-cross-sell-loader-text\"><\/div>\n\t\t<\/div>\n\t<\/div>\n\n\t\t\n<\/div>\n<div style=\"clear:both;\"><\/div><\/p>\n","protected":false},"excerpt":{"rendered":"<p>Zwei gro\u00dfe verdunkelte-Schlafkabinen: bis zu 99% des Tageslichts werden blockiert und sorgen f\u00fcr einen erholsamen Schlaf; au\u00dferdem ist es innen auch tags\u00fcber bis zu 5\u00b0C k\u00fchler<br \/>\nGro\u00dfe, stabiles f\u00fcnf Personen Tunnelzelt: einfach aufzubauen; flexibles Fiberglasgest\u00e4nge f\u00fcr die ultimative Balance von Stabilit\u00e4t und Gewicht h\u00e4lt selbst starkem Wind Stand<br \/>\nPraktischer Vorraum: gro\u00df genug f\u00fcr die Aufbewahrung von Ausr\u00fcstung und Schuhen; PVC-Fenstern mit Verdunkelungsm\u00f6glichkeit bieten eine gute Balance zwischen Lichteinfall und Privatsph\u00e4re<\/p>\n","protected":false},"featured_media":12325,"comment_status":"open","ping_status":"closed","template":"","meta":[],"product_cat":[70,19],"product_tag":[],"_links":{"self":[{"href":"https:\/\/camping.webspace.rocks\/index.php?rest_route=\/wp\/v2\/product\/12324"}],"collection":[{"href":"https:\/\/camping.webspace.rocks\/index.php?rest_route=\/wp\/v2\/product"}],"about":[{"href":"https:\/\/camping.webspace.rocks\/index.php?rest_route=\/wp\/v2\/types\/product"}],"replies":[{"embeddable":true,"href":"https:\/\/camping.webspace.rocks\/index.php?rest_route=%2Fwp%2Fv2%2Fcomments&post=12324"}],"version-history":[{"count":1,"href":"https:\/\/camping.webspace.rocks\/index.php?rest_route=\/wp\/v2\/product\/12324\/revisions"}],"predecessor-version":[{"id":14145,"href":"https:\/\/camping.webspace.rocks\/index.php?rest_route=\/wp\/v2\/product\/12324\/revisions\/14145"}],"wp:featuredmedia":[{"embeddable":true,"href":"https:\/\/camping.webspace.rocks\/index.php?rest_route=\/wp\/v2\/media\/12325"}],"wp:attachment":[{"href":"https:\/\/camping.webspace.rocks\/index.php?rest_route=%2Fwp%2Fv2%2Fmedia&parent=12324"}],"wp:term":[{"taxonomy":"product_cat","embeddable":true,"href":"https:\/\/camping.webspace.rocks\/index.php?rest_route=%2Fwp%2Fv2%2Fproduct_cat&post=12324"},{"taxonomy":"product_tag","embeddable":true,"href":"https:\/\/camping.webspace.rocks\/index.php?rest_route=%2Fwp%2Fv2%2Fproduct_tag&post=12324"}],"curies":[{"name":"wp","href":"https:\/\/api.w.org\/{rel}","templated":true}]}}