{"id":12638,"date":"2021-07-29T05:08:11","date_gmt":"2021-07-29T05:08:11","guid":{"rendered":"https:\/\/camping.webspace.rocks\/?product=lichfield-dakota-caravan-markise-excalibur-4m"},"modified":"2023-04-09T10:08:55","modified_gmt":"2023-04-09T10:08:55","slug":"lichfield-dakota-caravan-markise-excalibur-4m","status":"publish","type":"product","link":"https:\/\/camping.webspace.rocks\/?product=lichfield-dakota-caravan-markise-excalibur-4m","title":{"rendered":"Lichfield Dakota Caravan-markise, Excalibur, 4m"},"content":{"rendered":"<p>\n\t\t<style type=\"text\/css\">\n\t\t\t#gallery-1 {\n\t\t\t\tmargin: auto;\n\t\t\t}\n\t\t\t#gallery-1 .gallery-item {\n\t\t\t\tfloat: left;\n\t\t\t\tmargin-top: 10px;\n\t\t\t\ttext-align: center;\n\t\t\t\twidth: 33%;\n\t\t\t}\n\t\t\t#gallery-1 img {\n\t\t\t\tborder: 2px solid #cfcfcf;\n\t\t\t}\n\t\t\t#gallery-1 .gallery-caption {\n\t\t\t\tmargin-left: 0;\n\t\t\t}\n\t\t\t\/* see gallery_shortcode() in wp-includes\/media.php *\/\n\t\t<\/style>\n\t\t<div id='gallery-1' class='gallery galleryid-12638 gallery-columns-3 gallery-size-thumbnail'><dl class='gallery-item'>\n\t\t\t<dt class='gallery-icon landscape'>\n\t\t\t\t<a href='https:\/\/camping.webspace.rocks\/?attachment_id=12639'><img width=\"150\" height=\"150\" src=\"https:\/\/m.media-amazon.com\/images\/I\/41xURoxCDoL._SS150_.jpg\" class=\"attachment-thumbnail size-thumbnail\" alt=\"\" loading=\"lazy\" srcset=\"https:\/\/m.media-amazon.com\/images\/I\/41xURoxCDoL._SS150_.jpg 150w, https:\/\/m.media-amazon.com\/images\/I\/41xURoxCDoL._SS300_.jpg 300w, https:\/\/m.media-amazon.com\/images\/I\/41xURoxCDoL._SS768_.jpg 768w, https:\/\/m.media-amazon.com\/images\/I\/41xURoxCDoL._SS1024_.jpg 1024w, https:\/\/m.media-amazon.com\/images\/I\/41xURoxCDoL._SS1536_.jpg 1536w, https:\/\/m.media-amazon.com\/images\/I\/41xURoxCDoL._SS2048_.jpg 2048w, https:\/\/m.media-amazon.com\/images\/I\/41xURoxCDoL._SS1200_.jpg 1200w, https:\/\/m.media-amazon.com\/images\/I\/41xURoxCDoL._SS600_.jpg 600w, https:\/\/m.media-amazon.com\/images\/I\/41xURoxCDoL.jpg 500w\" sizes=\"(max-width: 150px) 100vw, 150px\" \/><\/a>\n\t\t\t<\/dt><\/dl><dl class='gallery-item'>\n\t\t\t<dt class='gallery-icon landscape'>\n\t\t\t\t<a href='https:\/\/camping.webspace.rocks\/?attachment_id=12640'><img width=\"150\" height=\"150\" src=\"https:\/\/m.media-amazon.com\/images\/I\/41+qegKLFiL._SS150_.jpg\" class=\"attachment-thumbnail size-thumbnail\" alt=\"\" loading=\"lazy\" srcset=\"https:\/\/m.media-amazon.com\/images\/I\/41+qegKLFiL._SS150_.jpg 150w, https:\/\/m.media-amazon.com\/images\/I\/41+qegKLFiL._SS300_.jpg 300w, https:\/\/m.media-amazon.com\/images\/I\/41+qegKLFiL._SS768_.jpg 768w, https:\/\/m.media-amazon.com\/images\/I\/41+qegKLFiL._SS1024_.jpg 1024w, https:\/\/m.media-amazon.com\/images\/I\/41+qegKLFiL._SS1536_.jpg 1536w, https:\/\/m.media-amazon.com\/images\/I\/41+qegKLFiL._SS2048_.jpg 2048w, https:\/\/m.media-amazon.com\/images\/I\/41+qegKLFiL._SS1200_.jpg 1200w, https:\/\/m.media-amazon.com\/images\/I\/41+qegKLFiL._SS600_.jpg 600w, https:\/\/m.media-amazon.com\/images\/I\/41+qegKLFiL.jpg 500w\" sizes=\"(max-width: 150px) 100vw, 150px\" \/><\/a>\n\t\t\t<\/dt><\/dl><dl class='gallery-item'>\n\t\t\t<dt class='gallery-icon landscape'>\n\t\t\t\t<a href='https:\/\/camping.webspace.rocks\/?attachment_id=12641'><img width=\"150\" height=\"150\" src=\"https:\/\/m.media-amazon.com\/images\/I\/51M5ikNCMEL._SS150_.jpg\" class=\"attachment-thumbnail size-thumbnail\" alt=\"\" loading=\"lazy\" srcset=\"https:\/\/m.media-amazon.com\/images\/I\/51M5ikNCMEL._SS150_.jpg 150w, https:\/\/m.media-amazon.com\/images\/I\/51M5ikNCMEL._SS300_.jpg 300w, https:\/\/m.media-amazon.com\/images\/I\/51M5ikNCMEL._SS768_.jpg 768w, https:\/\/m.media-amazon.com\/images\/I\/51M5ikNCMEL._SS1024_.jpg 1024w, https:\/\/m.media-amazon.com\/images\/I\/51M5ikNCMEL._SS1536_.jpg 1536w, https:\/\/m.media-amazon.com\/images\/I\/51M5ikNCMEL._SS2048_.jpg 2048w, https:\/\/m.media-amazon.com\/images\/I\/51M5ikNCMEL._SS1200_.jpg 1200w, https:\/\/m.media-amazon.com\/images\/I\/51M5ikNCMEL._SS600_.jpg 600w, https:\/\/m.media-amazon.com\/images\/I\/51M5ikNCMEL.jpg 500w\" sizes=\"(max-width: 150px) 100vw, 150px\" \/><\/a>\n\t\t\t<\/dt><\/dl><br style=\"clear: both\" \/>\n\t\t<\/div>\n<br \/>\n<!-- show up to 2 reviews by default --> <\/p>\n<p>Die Dakota Air Markise ist eine aufblasbare Wohnwagenmarkise, die den Stress bei der Ankunft auf dem Campingplatz reduziert. Die aufblasbaren Luftbalken von Lichfield sind in einem doppelwandigen, sehr robusten H\u00fclsensystem untergebracht. Ein weiterer Vorteil der Verwendung einer aufblasbaren Markise ist, dass keine Metall- oder Glasfaserstangen vorhanden sind, die Ihren Wohnwagen bei starkem Wind besch\u00e4digen k\u00f6nnten. Die Dakota bietet eine Vielzahl von Funktionen, darunter Rei\u00dfverschlussvorh\u00e4nge, viel Stauraum und viel Bel\u00fcftung, um nur einige zu nennen. Die Dakota Air-Markise wird komplett mit Windschutz- und Radlaufverkleidungen sowie stabilisiereden Schutzbalken geliefert. <\/p>\n<p>Die Lichfield AirOdyssey aufblasbare Technologie erm\u00f6glicht stangenfreies Aufstellen, einfache Montage (inkl. Doppelhubpumpe)<br \/>\n150 D Polyestergewebe &#8211; wasserdicht, strapazierf\u00e4hig, zuverl\u00e4ssig, h\u00e4lt trocken. Erh\u00f6hte Festigkeit mit 150 D, niedriges Gewicht<br \/>\nAlle N\u00e4hte sind werksseitig verklebt und sind wasserdicht. Die Lichfield Airflow-L\u00fcftungspaneele reduzieren Kondensation<br \/>\nSeitent\u00fcren und eine geschwungene Vordert\u00fcr bieten mehrere Zugangsm\u00f6glichkeiten, die zur besseren Bel\u00fcftung oben ge\u00f6ffnet werden k\u00f6nnen<br \/>\nMit Schaumstoffpolster, St\u00fctzstangen, PVC-Windschutz, zwei Radlaufverkleidungen, Sturmgurten, Heringen, Hammer, AirOdyssey-Pumpe<br \/>\n<div class=\"main-cross-sell\" data-asin=\"B06XZNPYHQ\">\n\n\t<div class=\"WooZone-cross-sell-loader\">\n\t\t<div>\n\t\t\t<div id=\"floatingBarsG\">\n\t\t\t\t<div class=\"blockG\" id=\"rotateG_01\"><\/div>\n\t\t\t\t<div class=\"blockG\" id=\"rotateG_02\"><\/div>\n\t\t\t\t<div class=\"blockG\" id=\"rotateG_03\"><\/div>\n\t\t\t\t<div class=\"blockG\" id=\"rotateG_04\"><\/div>\n\t\t\t\t<div class=\"blockG\" id=\"rotateG_05\"><\/div>\n\t\t\t\t<div class=\"blockG\" id=\"rotateG_06\"><\/div>\n\t\t\t\t<div class=\"blockG\" id=\"rotateG_07\"><\/div>\n\t\t\t\t<div class=\"blockG\" id=\"rotateG_08\"><\/div>\n\t\t\t<\/div>\n\t\t\t<div class=\"WooZone-cross-sell-loader-text\"><\/div>\n\t\t<\/div>\n\t<\/div>\n\n\t\t\n<\/div>\n<div style=\"clear:both;\"><\/div><\/p>\n","protected":false},"excerpt":{"rendered":"<p>Die Lichfield AirOdyssey aufblasbare Technologie erm\u00f6glicht stangenfreies Aufstellen, einfache Montage (inkl. Doppelhubpumpe)<br \/>\n150 D Polyestergewebe &#8211; wasserdicht, strapazierf\u00e4hig, zuverl\u00e4ssig, h\u00e4lt trocken. Erh\u00f6hte Festigkeit mit 150 D, niedriges Gewicht<br \/>\nAlle N\u00e4hte sind werksseitig verklebt und sind wasserdicht. Die Lichfield Airflow-L\u00fcftungspaneele reduzieren Kondensation<\/p>\n","protected":false},"featured_media":12639,"comment_status":"open","ping_status":"closed","template":"","meta":[],"product_cat":[1002,19],"product_tag":[],"_links":{"self":[{"href":"https:\/\/camping.webspace.rocks\/index.php?rest_route=\/wp\/v2\/product\/12638"}],"collection":[{"href":"https:\/\/camping.webspace.rocks\/index.php?rest_route=\/wp\/v2\/product"}],"about":[{"href":"https:\/\/camping.webspace.rocks\/index.php?rest_route=\/wp\/v2\/types\/product"}],"replies":[{"embeddable":true,"href":"https:\/\/camping.webspace.rocks\/index.php?rest_route=%2Fwp%2Fv2%2Fcomments&post=12638"}],"version-history":[{"count":1,"href":"https:\/\/camping.webspace.rocks\/index.php?rest_route=\/wp\/v2\/product\/12638\/revisions"}],"predecessor-version":[{"id":14218,"href":"https:\/\/camping.webspace.rocks\/index.php?rest_route=\/wp\/v2\/product\/12638\/revisions\/14218"}],"wp:featuredmedia":[{"embeddable":true,"href":"https:\/\/camping.webspace.rocks\/index.php?rest_route=\/wp\/v2\/media\/12639"}],"wp:attachment":[{"href":"https:\/\/camping.webspace.rocks\/index.php?rest_route=%2Fwp%2Fv2%2Fmedia&parent=12638"}],"wp:term":[{"taxonomy":"product_cat","embeddable":true,"href":"https:\/\/camping.webspace.rocks\/index.php?rest_route=%2Fwp%2Fv2%2Fproduct_cat&post=12638"},{"taxonomy":"product_tag","embeddable":true,"href":"https:\/\/camping.webspace.rocks\/index.php?rest_route=%2Fwp%2Fv2%2Fproduct_tag&post=12638"}],"curies":[{"name":"wp","href":"https:\/\/api.w.org\/{rel}","templated":true}]}}