{"id":12731,"date":"2021-07-29T05:14:38","date_gmt":"2021-07-29T05:14:38","guid":{"rendered":"https:\/\/camping.webspace.rocks\/?product=sturmband-1250m-sturmsicherung-fuer-vorzelt-vordach-dachhalteband-schwarz"},"modified":"2023-04-09T10:08:57","modified_gmt":"2023-04-09T10:08:57","slug":"sturmband-1250m-sturmsicherung-fuer-vorzelt-vordach-dachhalteband-schwarz","status":"publish","type":"product","link":"https:\/\/camping.webspace.rocks\/?product=sturmband-1250m-sturmsicherung-fuer-vorzelt-vordach-dachhalteband-schwarz","title":{"rendered":"Sturmband 12,50m Sturmsicherung f\u00fcr Vorzelt Vordach Dachhalteband schwarz"},"content":{"rendered":"<p>\n\t\t<style type=\"text\/css\">\n\t\t\t#gallery-1 {\n\t\t\t\tmargin: auto;\n\t\t\t}\n\t\t\t#gallery-1 .gallery-item {\n\t\t\t\tfloat: left;\n\t\t\t\tmargin-top: 10px;\n\t\t\t\ttext-align: center;\n\t\t\t\twidth: 33%;\n\t\t\t}\n\t\t\t#gallery-1 img {\n\t\t\t\tborder: 2px solid #cfcfcf;\n\t\t\t}\n\t\t\t#gallery-1 .gallery-caption {\n\t\t\t\tmargin-left: 0;\n\t\t\t}\n\t\t\t\/* see gallery_shortcode() in wp-includes\/media.php *\/\n\t\t<\/style>\n\t\t<div id='gallery-1' class='gallery galleryid-12731 gallery-columns-3 gallery-size-thumbnail'><dl class='gallery-item'>\n\t\t\t<dt class='gallery-icon landscape'>\n\t\t\t\t<a href='https:\/\/camping.webspace.rocks\/?attachment_id=12732'><img width=\"150\" height=\"150\" src=\"https:\/\/m.media-amazon.com\/images\/I\/41mIVGvBzML._SS150_.jpg\" class=\"attachment-thumbnail size-thumbnail\" alt=\"\" loading=\"lazy\" srcset=\"https:\/\/m.media-amazon.com\/images\/I\/41mIVGvBzML._SS150_.jpg 150w, https:\/\/m.media-amazon.com\/images\/I\/41mIVGvBzML._SS300_.jpg 300w, https:\/\/m.media-amazon.com\/images\/I\/41mIVGvBzML._SS768_.jpg 768w, https:\/\/m.media-amazon.com\/images\/I\/41mIVGvBzML._SS1024_.jpg 1024w, https:\/\/m.media-amazon.com\/images\/I\/41mIVGvBzML._SS1536_.jpg 1536w, https:\/\/m.media-amazon.com\/images\/I\/41mIVGvBzML._SS2048_.jpg 2048w, https:\/\/m.media-amazon.com\/images\/I\/41mIVGvBzML._SS1200_.jpg 1200w, https:\/\/m.media-amazon.com\/images\/I\/41mIVGvBzML._SS600_.jpg 600w, https:\/\/m.media-amazon.com\/images\/I\/41mIVGvBzML.jpg 500w\" sizes=\"(max-width: 150px) 100vw, 150px\" \/><\/a>\n\t\t\t<\/dt><\/dl><dl class='gallery-item'>\n\t\t\t<dt class='gallery-icon landscape'>\n\t\t\t\t<a href='https:\/\/camping.webspace.rocks\/?attachment_id=12733'><img width=\"150\" height=\"150\" src=\"https:\/\/m.media-amazon.com\/images\/I\/4109am+vX3L._SS150_.jpg\" class=\"attachment-thumbnail size-thumbnail\" alt=\"\" loading=\"lazy\" srcset=\"https:\/\/m.media-amazon.com\/images\/I\/4109am+vX3L._SS150_.jpg 150w, https:\/\/m.media-amazon.com\/images\/I\/4109am+vX3L._SS300_.jpg 300w, https:\/\/m.media-amazon.com\/images\/I\/4109am+vX3L._SS768_.jpg 768w, https:\/\/m.media-amazon.com\/images\/I\/4109am+vX3L._SS1024_.jpg 1024w, https:\/\/m.media-amazon.com\/images\/I\/4109am+vX3L._SS1536_.jpg 1536w, https:\/\/m.media-amazon.com\/images\/I\/4109am+vX3L._SS2048_.jpg 2048w, https:\/\/m.media-amazon.com\/images\/I\/4109am+vX3L._SS1200_.jpg 1200w, https:\/\/m.media-amazon.com\/images\/I\/4109am+vX3L._SS600_.jpg 600w, https:\/\/m.media-amazon.com\/images\/I\/4109am+vX3L.jpg 500w\" sizes=\"(max-width: 150px) 100vw, 150px\" \/><\/a>\n\t\t\t<\/dt><\/dl>\n\t\t\t<br style='clear: both' \/>\n\t\t<\/div>\n<br \/>\n<!-- show up to 2 reviews by default --> <\/p>\n<p>Sturmband 12,5 Meter NEU Ideal f\u00fcr Markisen und Vorzelte Bew\u00e4hrt in der Abwendung und unverzichtbar bei Wind. Bietet eine optimale Sicherung des Zelts bei starkem Wind. F\u00fcr Markisen-\/ Zeltgr\u00f6\u00dfen bis zu 6 m geeignet. Farbe: schwarz Im Lieferumfang enthalten: 12,5 Meter verstellbares Nylon Band 2 Heringe und 1 Spannfeder <\/p>\n<p>Ideal f\u00fcr Markisen und Vorzelte<br \/>\nBew\u00e4hrt in der Abwendung und unverzichtbar bei Wind<br \/>\nSicherung bei Wind und Regen \/ Farbe: schwarz<br \/>\nF\u00fcr Markisen-\/ Zeltgr\u00f6\u00dfen bis zu 6 m geeignet<br \/>\nLieferumfang: 12,5 Meter verstellbares Nylon Band, 2 Heringe und Spannfeder<br \/>\n<div class=\"main-cross-sell\" data-asin=\"B00NOTI9LG\">\n\n\t<div class=\"WooZone-cross-sell-loader\">\n\t\t<div>\n\t\t\t<div id=\"floatingBarsG\">\n\t\t\t\t<div class=\"blockG\" id=\"rotateG_01\"><\/div>\n\t\t\t\t<div class=\"blockG\" id=\"rotateG_02\"><\/div>\n\t\t\t\t<div class=\"blockG\" id=\"rotateG_03\"><\/div>\n\t\t\t\t<div class=\"blockG\" id=\"rotateG_04\"><\/div>\n\t\t\t\t<div class=\"blockG\" id=\"rotateG_05\"><\/div>\n\t\t\t\t<div class=\"blockG\" id=\"rotateG_06\"><\/div>\n\t\t\t\t<div class=\"blockG\" id=\"rotateG_07\"><\/div>\n\t\t\t\t<div class=\"blockG\" id=\"rotateG_08\"><\/div>\n\t\t\t<\/div>\n\t\t\t<div class=\"WooZone-cross-sell-loader-text\"><\/div>\n\t\t<\/div>\n\t<\/div>\n\n\t\t\n<\/div>\n<div style=\"clear:both;\"><\/div><\/p>\n","protected":false},"excerpt":{"rendered":"<p>Ideal f\u00fcr Markisen und Vorzelte<br \/>\nBew\u00e4hrt in der Abwendung und unverzichtbar bei Wind<br \/>\nSicherung bei Wind und Regen \/ Farbe: schwarz<\/p>\n","protected":false},"featured_media":12732,"comment_status":"open","ping_status":"closed","template":"","meta":[],"product_cat":[1002,19],"product_tag":[],"_links":{"self":[{"href":"https:\/\/camping.webspace.rocks\/index.php?rest_route=\/wp\/v2\/product\/12731"}],"collection":[{"href":"https:\/\/camping.webspace.rocks\/index.php?rest_route=\/wp\/v2\/product"}],"about":[{"href":"https:\/\/camping.webspace.rocks\/index.php?rest_route=\/wp\/v2\/types\/product"}],"replies":[{"embeddable":true,"href":"https:\/\/camping.webspace.rocks\/index.php?rest_route=%2Fwp%2Fv2%2Fcomments&post=12731"}],"version-history":[{"count":1,"href":"https:\/\/camping.webspace.rocks\/index.php?rest_route=\/wp\/v2\/product\/12731\/revisions"}],"predecessor-version":[{"id":14242,"href":"https:\/\/camping.webspace.rocks\/index.php?rest_route=\/wp\/v2\/product\/12731\/revisions\/14242"}],"wp:featuredmedia":[{"embeddable":true,"href":"https:\/\/camping.webspace.rocks\/index.php?rest_route=\/wp\/v2\/media\/12732"}],"wp:attachment":[{"href":"https:\/\/camping.webspace.rocks\/index.php?rest_route=%2Fwp%2Fv2%2Fmedia&parent=12731"}],"wp:term":[{"taxonomy":"product_cat","embeddable":true,"href":"https:\/\/camping.webspace.rocks\/index.php?rest_route=%2Fwp%2Fv2%2Fproduct_cat&post=12731"},{"taxonomy":"product_tag","embeddable":true,"href":"https:\/\/camping.webspace.rocks\/index.php?rest_route=%2Fwp%2Fv2%2Fproduct_tag&post=12731"}],"curies":[{"name":"wp","href":"https:\/\/api.w.org\/{rel}","templated":true}]}}