{"id":12999,"date":"2021-07-29T06:44:38","date_gmt":"2021-07-29T06:44:38","guid":{"rendered":"https:\/\/camping.webspace.rocks\/?product=gaskocher-mit-grillaufsatz-nund-8-gaskartuschen"},"modified":"2023-04-08T10:13:44","modified_gmt":"2023-04-08T10:13:44","slug":"gaskocher-mit-grillaufsatz-nund-8-gaskartuschen","status":"publish","type":"product","link":"https:\/\/camping.webspace.rocks\/?product=gaskocher-mit-grillaufsatz-nund-8-gaskartuschen","title":{"rendered":"Gaskocher mit Grillaufsatz &#8222;N&#8220;und 8 Gaskartuschen"},"content":{"rendered":"<p>\n\t\t<style type=\"text\/css\">\n\t\t\t#gallery-1 {\n\t\t\t\tmargin: auto;\n\t\t\t}\n\t\t\t#gallery-1 .gallery-item {\n\t\t\t\tfloat: left;\n\t\t\t\tmargin-top: 10px;\n\t\t\t\ttext-align: center;\n\t\t\t\twidth: 33%;\n\t\t\t}\n\t\t\t#gallery-1 img {\n\t\t\t\tborder: 2px solid #cfcfcf;\n\t\t\t}\n\t\t\t#gallery-1 .gallery-caption {\n\t\t\t\tmargin-left: 0;\n\t\t\t}\n\t\t\t\/* see gallery_shortcode() in wp-includes\/media.php *\/\n\t\t<\/style>\n\t\t<div id='gallery-1' class='gallery galleryid-12999 gallery-columns-3 gallery-size-thumbnail'><dl class='gallery-item'>\n\t\t\t<dt class='gallery-icon landscape'>\n\t\t\t\t<a href='https:\/\/camping.webspace.rocks\/?attachment_id=13000'><img width=\"150\" height=\"150\" src=\"https:\/\/m.media-amazon.com\/images\/I\/51no4KRMTDL._SS150_.jpg\" class=\"attachment-thumbnail size-thumbnail\" alt=\"\" loading=\"lazy\" srcset=\"https:\/\/m.media-amazon.com\/images\/I\/51no4KRMTDL._SS150_.jpg 150w, https:\/\/m.media-amazon.com\/images\/I\/51no4KRMTDL._SS300_.jpg 300w, https:\/\/m.media-amazon.com\/images\/I\/51no4KRMTDL._SS768_.jpg 768w, https:\/\/m.media-amazon.com\/images\/I\/51no4KRMTDL._SS1024_.jpg 1024w, https:\/\/m.media-amazon.com\/images\/I\/51no4KRMTDL._SS1536_.jpg 1536w, https:\/\/m.media-amazon.com\/images\/I\/51no4KRMTDL._SS2048_.jpg 2048w, https:\/\/m.media-amazon.com\/images\/I\/51no4KRMTDL._SS1200_.jpg 1200w, https:\/\/m.media-amazon.com\/images\/I\/51no4KRMTDL._SS600_.jpg 600w, https:\/\/m.media-amazon.com\/images\/I\/51no4KRMTDL.jpg 500w\" sizes=\"(max-width: 150px) 100vw, 150px\" \/><\/a>\n\t\t\t<\/dt><\/dl><dl class='gallery-item'>\n\t\t\t<dt class='gallery-icon landscape'>\n\t\t\t\t<a href='https:\/\/camping.webspace.rocks\/?attachment_id=13001'><img width=\"150\" height=\"150\" src=\"https:\/\/m.media-amazon.com\/images\/I\/41SeTBsDLZL._SS150_.jpg\" class=\"attachment-thumbnail size-thumbnail\" alt=\"\" loading=\"lazy\" srcset=\"https:\/\/m.media-amazon.com\/images\/I\/41SeTBsDLZL._SS150_.jpg 150w, https:\/\/m.media-amazon.com\/images\/I\/41SeTBsDLZL._SS300_.jpg 300w, https:\/\/m.media-amazon.com\/images\/I\/41SeTBsDLZL._SS768_.jpg 768w, https:\/\/m.media-amazon.com\/images\/I\/41SeTBsDLZL._SS1024_.jpg 1024w, https:\/\/m.media-amazon.com\/images\/I\/41SeTBsDLZL._SS1536_.jpg 1536w, https:\/\/m.media-amazon.com\/images\/I\/41SeTBsDLZL._SS2048_.jpg 2048w, https:\/\/m.media-amazon.com\/images\/I\/41SeTBsDLZL._SS1200_.jpg 1200w, https:\/\/m.media-amazon.com\/images\/I\/41SeTBsDLZL._SS600_.jpg 600w, https:\/\/m.media-amazon.com\/images\/I\/41SeTBsDLZL.jpg 500w\" sizes=\"(max-width: 150px) 100vw, 150px\" \/><\/a>\n\t\t\t<\/dt><\/dl><dl class='gallery-item'>\n\t\t\t<dt class='gallery-icon landscape'>\n\t\t\t\t<a href='https:\/\/camping.webspace.rocks\/?attachment_id=13002'><img width=\"150\" height=\"150\" src=\"https:\/\/m.media-amazon.com\/images\/I\/419HUewqL0L._SS150_.jpg\" class=\"attachment-thumbnail size-thumbnail\" alt=\"\" loading=\"lazy\" srcset=\"https:\/\/m.media-amazon.com\/images\/I\/419HUewqL0L._SS150_.jpg 150w, https:\/\/m.media-amazon.com\/images\/I\/419HUewqL0L._SS300_.jpg 300w, https:\/\/m.media-amazon.com\/images\/I\/419HUewqL0L._SS768_.jpg 768w, https:\/\/m.media-amazon.com\/images\/I\/419HUewqL0L._SS1024_.jpg 1024w, https:\/\/m.media-amazon.com\/images\/I\/419HUewqL0L._SS1536_.jpg 1536w, https:\/\/m.media-amazon.com\/images\/I\/419HUewqL0L._SS2048_.jpg 2048w, https:\/\/m.media-amazon.com\/images\/I\/419HUewqL0L._SS1200_.jpg 1200w, https:\/\/m.media-amazon.com\/images\/I\/419HUewqL0L._SS600_.jpg 600w, https:\/\/m.media-amazon.com\/images\/I\/419HUewqL0L.jpg 500w\" sizes=\"(max-width: 150px) 100vw, 150px\" \/><\/a>\n\t\t\t<\/dt><\/dl><br style=\"clear: both\" \/>\n\t\t<\/div>\n<br \/>\n<!-- show up to 2 reviews by default --> <\/p>\n<p>Deutsche Bedienungsanleitung Kinderleichte Bedienung: Kartusche einlegen, Schieberegler \u00f6ffnen, Thermosthat bis zum Anschlag drehen, und schon ist der Kocher an. Automatische Piezo-elektrische Z\u00fcndung Brennerkopf aus Aluminium Sicherheit durch Drucksensor Brenndauer 1,5 bis 3 Stunden, abh\u00e4ngig von der Gaseinstellung am Ger\u00e4t. CE-Pr\u00fcfzeichen 2,2KW Abmessungen in mm (BxHxT): 340X119x285 Gasverbrauch: 150g\/h Gaskartusche: MSF-1a Gas: Butan <\/p>\n<p>Mit Piezo Z\u00fcndung.<br \/>\nf\u00fcr handels\u00fcbliche Butangaskartuschen &#8211; Gasverbrauch 160 g\/Stunde<br \/>\nbesonders stabiles Ganzmetallgeh\u00e4use mit grosser abnehmbarer Topfstellfl\u00e4che<br \/>\nim praktischen stabilen Kunststoffkoffer mit Bedienungsanleitung<br \/>\nAbmessung: 340 x 255 x 111 mm (B\/T\/H) &#8211; Gewicht: 1,85 KG &#8211; W\u00e4rmeleistung: 2.2 kw<br \/>\n<div class=\"main-cross-sell\" data-asin=\"B000RELOAY\">\n\n\t<div class=\"WooZone-cross-sell-loader\">\n\t\t<div>\n\t\t\t<div id=\"floatingBarsG\">\n\t\t\t\t<div class=\"blockG\" id=\"rotateG_01\"><\/div>\n\t\t\t\t<div class=\"blockG\" id=\"rotateG_02\"><\/div>\n\t\t\t\t<div class=\"blockG\" id=\"rotateG_03\"><\/div>\n\t\t\t\t<div class=\"blockG\" id=\"rotateG_04\"><\/div>\n\t\t\t\t<div class=\"blockG\" id=\"rotateG_05\"><\/div>\n\t\t\t\t<div class=\"blockG\" id=\"rotateG_06\"><\/div>\n\t\t\t\t<div class=\"blockG\" id=\"rotateG_07\"><\/div>\n\t\t\t\t<div class=\"blockG\" id=\"rotateG_08\"><\/div>\n\t\t\t<\/div>\n\t\t\t<div class=\"WooZone-cross-sell-loader-text\"><\/div>\n\t\t<\/div>\n\t<\/div>\n\n\t\t\n<\/div>\n<div style=\"clear:both;\"><\/div><\/p>\n","protected":false},"excerpt":{"rendered":"<p>Mit Piezo Z\u00fcndung.<br \/>\nf\u00fcr handels\u00fcbliche Butangaskartuschen &#8211; Gasverbrauch 160 g\/Stunde<br \/>\nbesonders stabiles Ganzmetallgeh\u00e4use mit grosser abnehmbarer Topfstellfl\u00e4che<\/p>\n","protected":false},"featured_media":13000,"comment_status":"open","ping_status":"closed","template":"","meta":[],"product_cat":[15],"product_tag":[],"_links":{"self":[{"href":"https:\/\/camping.webspace.rocks\/index.php?rest_route=\/wp\/v2\/product\/12999"}],"collection":[{"href":"https:\/\/camping.webspace.rocks\/index.php?rest_route=\/wp\/v2\/product"}],"about":[{"href":"https:\/\/camping.webspace.rocks\/index.php?rest_route=\/wp\/v2\/types\/product"}],"replies":[{"embeddable":true,"href":"https:\/\/camping.webspace.rocks\/index.php?rest_route=%2Fwp%2Fv2%2Fcomments&post=12999"}],"version-history":[{"count":1,"href":"https:\/\/camping.webspace.rocks\/index.php?rest_route=\/wp\/v2\/product\/12999\/revisions"}],"predecessor-version":[{"id":14310,"href":"https:\/\/camping.webspace.rocks\/index.php?rest_route=\/wp\/v2\/product\/12999\/revisions\/14310"}],"wp:featuredmedia":[{"embeddable":true,"href":"https:\/\/camping.webspace.rocks\/index.php?rest_route=\/wp\/v2\/media\/13000"}],"wp:attachment":[{"href":"https:\/\/camping.webspace.rocks\/index.php?rest_route=%2Fwp%2Fv2%2Fmedia&parent=12999"}],"wp:term":[{"taxonomy":"product_cat","embeddable":true,"href":"https:\/\/camping.webspace.rocks\/index.php?rest_route=%2Fwp%2Fv2%2Fproduct_cat&post=12999"},{"taxonomy":"product_tag","embeddable":true,"href":"https:\/\/camping.webspace.rocks\/index.php?rest_route=%2Fwp%2Fv2%2Fproduct_tag&post=12999"}],"curies":[{"name":"wp","href":"https:\/\/api.w.org\/{rel}","templated":true}]}}