{"id":14621,"date":"2021-07-29T17:41:51","date_gmt":"2021-07-29T17:41:51","guid":{"rendered":"https:\/\/camping.webspace.rocks\/?product=outwell-bambustisch-calgary"},"modified":"2023-04-10T11:09:33","modified_gmt":"2023-04-10T11:09:33","slug":"outwell-bambustisch-calgary","status":"publish","type":"product","link":"https:\/\/camping.webspace.rocks\/?product=outwell-bambustisch-calgary","title":{"rendered":"Outwell Bambustisch Calgary, M"},"content":{"rendered":"<p>\n\t\t<style type=\"text\/css\">\n\t\t\t#gallery-1 {\n\t\t\t\tmargin: auto;\n\t\t\t}\n\t\t\t#gallery-1 .gallery-item {\n\t\t\t\tfloat: left;\n\t\t\t\tmargin-top: 10px;\n\t\t\t\ttext-align: center;\n\t\t\t\twidth: 33%;\n\t\t\t}\n\t\t\t#gallery-1 img {\n\t\t\t\tborder: 2px solid #cfcfcf;\n\t\t\t}\n\t\t\t#gallery-1 .gallery-caption {\n\t\t\t\tmargin-left: 0;\n\t\t\t}\n\t\t\t\/* see gallery_shortcode() in wp-includes\/media.php *\/\n\t\t<\/style>\n\t\t<div id='gallery-1' class='gallery galleryid-14621 gallery-columns-3 gallery-size-thumbnail'><dl class='gallery-item'>\n\t\t\t<dt class='gallery-icon landscape'>\n\t\t\t\t<a href='https:\/\/camping.webspace.rocks\/?attachment_id=14622'><img width=\"150\" height=\"150\" src=\"https:\/\/m.media-amazon.com\/images\/I\/31qoxuVkb8L._SS150_.jpg\" class=\"attachment-thumbnail size-thumbnail\" alt=\"\" loading=\"lazy\" srcset=\"https:\/\/m.media-amazon.com\/images\/I\/31qoxuVkb8L._SS150_.jpg 150w, https:\/\/m.media-amazon.com\/images\/I\/31qoxuVkb8L._SS300_.jpg 300w, https:\/\/m.media-amazon.com\/images\/I\/31qoxuVkb8L._SS768_.jpg 768w, https:\/\/m.media-amazon.com\/images\/I\/31qoxuVkb8L._SS1024_.jpg 1024w, https:\/\/m.media-amazon.com\/images\/I\/31qoxuVkb8L._SS1536_.jpg 1536w, https:\/\/m.media-amazon.com\/images\/I\/31qoxuVkb8L._SS2048_.jpg 2048w, https:\/\/m.media-amazon.com\/images\/I\/31qoxuVkb8L._SS1200_.jpg 1200w, https:\/\/m.media-amazon.com\/images\/I\/31qoxuVkb8L._SS600_.jpg 600w, https:\/\/m.media-amazon.com\/images\/I\/31qoxuVkb8L.jpg 500w\" sizes=\"(max-width: 150px) 100vw, 150px\" \/><\/a>\n\t\t\t<\/dt><\/dl><dl class='gallery-item'>\n\t\t\t<dt class='gallery-icon landscape'>\n\t\t\t\t<a href='https:\/\/camping.webspace.rocks\/?attachment_id=14623'><img width=\"150\" height=\"150\" src=\"https:\/\/m.media-amazon.com\/images\/I\/51JqJFO-VpL._SS150_.jpg\" class=\"attachment-thumbnail size-thumbnail\" alt=\"\" loading=\"lazy\" srcset=\"https:\/\/m.media-amazon.com\/images\/I\/51JqJFO-VpL._SS150_.jpg 150w, https:\/\/m.media-amazon.com\/images\/I\/51JqJFO-VpL._SS300_.jpg 300w, https:\/\/m.media-amazon.com\/images\/I\/51JqJFO-VpL._SS768_.jpg 768w, https:\/\/m.media-amazon.com\/images\/I\/51JqJFO-VpL._SS1024_.jpg 1024w, https:\/\/m.media-amazon.com\/images\/I\/51JqJFO-VpL._SS1536_.jpg 1536w, https:\/\/m.media-amazon.com\/images\/I\/51JqJFO-VpL._SS2048_.jpg 2048w, https:\/\/m.media-amazon.com\/images\/I\/51JqJFO-VpL._SS1200_.jpg 1200w, https:\/\/m.media-amazon.com\/images\/I\/51JqJFO-VpL._SS600_.jpg 600w, https:\/\/m.media-amazon.com\/images\/I\/51JqJFO-VpL.jpg 500w\" sizes=\"(max-width: 150px) 100vw, 150px\" \/><\/a>\n\t\t\t<\/dt><\/dl><dl class='gallery-item'>\n\t\t\t<dt class='gallery-icon landscape'>\n\t\t\t\t<a href='https:\/\/camping.webspace.rocks\/?attachment_id=14624'><img width=\"150\" height=\"150\" src=\"https:\/\/m.media-amazon.com\/images\/I\/31JC-S01cDL._SS150_.jpg\" class=\"attachment-thumbnail size-thumbnail\" alt=\"\" loading=\"lazy\" srcset=\"https:\/\/m.media-amazon.com\/images\/I\/31JC-S01cDL._SS150_.jpg 150w, https:\/\/m.media-amazon.com\/images\/I\/31JC-S01cDL._SS300_.jpg 300w, https:\/\/m.media-amazon.com\/images\/I\/31JC-S01cDL._SS768_.jpg 768w, https:\/\/m.media-amazon.com\/images\/I\/31JC-S01cDL._SS1024_.jpg 1024w, https:\/\/m.media-amazon.com\/images\/I\/31JC-S01cDL._SS1536_.jpg 1536w, https:\/\/m.media-amazon.com\/images\/I\/31JC-S01cDL._SS2048_.jpg 2048w, https:\/\/m.media-amazon.com\/images\/I\/31JC-S01cDL._SS1200_.jpg 1200w, https:\/\/m.media-amazon.com\/images\/I\/31JC-S01cDL._SS600_.jpg 600w, https:\/\/m.media-amazon.com\/images\/I\/31JC-S01cDL.jpg 500w\" sizes=\"(max-width: 150px) 100vw, 150px\" \/><\/a>\n\t\t\t<\/dt><\/dl><br style=\"clear: both\" \/>\n\t\t<\/div>\n<br \/>\n<!-- show up to 2 reviews by default --> <\/p>\n<p>Praktischer Klapptisch von Outwell. Dieser Tisch ist aus leichtem, robustem Aluminium und Bambus. Mit den Klappmechanismus l\u00e4sst er sich einfach zusammenfalten. Durch das geringe Packma\u00df l\u00e4sst er sich einfach verstauen und transportieren. Ideal zum Camping. <\/p>\n<p>Aufgeklappt und zusammengefaltet in Sekunden<br \/>\nPraktische Griffe f\u00fcr einfachen Transport<br \/>\nMax. Belastung: 30 kg<br \/>\nKompaktes Packma\u00df<br \/>\nF\u00fcr kurze Dauer wetterbest\u00e4ndig<br \/>\n<div class=\"main-cross-sell\" data-asin=\"B002CPMI74\">\n\n\t<div class=\"WooZone-cross-sell-loader\">\n\t\t<div>\n\t\t\t<div id=\"floatingBarsG\">\n\t\t\t\t<div class=\"blockG\" id=\"rotateG_01\"><\/div>\n\t\t\t\t<div class=\"blockG\" id=\"rotateG_02\"><\/div>\n\t\t\t\t<div class=\"blockG\" id=\"rotateG_03\"><\/div>\n\t\t\t\t<div class=\"blockG\" id=\"rotateG_04\"><\/div>\n\t\t\t\t<div class=\"blockG\" id=\"rotateG_05\"><\/div>\n\t\t\t\t<div class=\"blockG\" id=\"rotateG_06\"><\/div>\n\t\t\t\t<div class=\"blockG\" id=\"rotateG_07\"><\/div>\n\t\t\t\t<div class=\"blockG\" id=\"rotateG_08\"><\/div>\n\t\t\t<\/div>\n\t\t\t<div class=\"WooZone-cross-sell-loader-text\"><\/div>\n\t\t<\/div>\n\t<\/div>\n\n\t\t\n<\/div>\n<div style=\"clear:both;\"><\/div><\/p>\n","protected":false},"excerpt":{"rendered":"<p>Aufgeklappt und zusammengefaltet in Sekunden<br \/>\nPraktische Griffe f\u00fcr einfachen Transport<br \/>\nMax. Belastung: 30 kg<\/p>\n","protected":false},"featured_media":14622,"comment_status":"open","ping_status":"closed","template":"","meta":[],"product_cat":[26],"product_tag":[],"_links":{"self":[{"href":"https:\/\/camping.webspace.rocks\/index.php?rest_route=\/wp\/v2\/product\/14621"}],"collection":[{"href":"https:\/\/camping.webspace.rocks\/index.php?rest_route=\/wp\/v2\/product"}],"about":[{"href":"https:\/\/camping.webspace.rocks\/index.php?rest_route=\/wp\/v2\/types\/product"}],"replies":[{"embeddable":true,"href":"https:\/\/camping.webspace.rocks\/index.php?rest_route=%2Fwp%2Fv2%2Fcomments&post=14621"}],"version-history":[{"count":2,"href":"https:\/\/camping.webspace.rocks\/index.php?rest_route=\/wp\/v2\/product\/14621\/revisions"}],"predecessor-version":[{"id":19392,"href":"https:\/\/camping.webspace.rocks\/index.php?rest_route=\/wp\/v2\/product\/14621\/revisions\/19392"}],"wp:featuredmedia":[{"embeddable":true,"href":"https:\/\/camping.webspace.rocks\/index.php?rest_route=\/wp\/v2\/media\/14622"}],"wp:attachment":[{"href":"https:\/\/camping.webspace.rocks\/index.php?rest_route=%2Fwp%2Fv2%2Fmedia&parent=14621"}],"wp:term":[{"taxonomy":"product_cat","embeddable":true,"href":"https:\/\/camping.webspace.rocks\/index.php?rest_route=%2Fwp%2Fv2%2Fproduct_cat&post=14621"},{"taxonomy":"product_tag","embeddable":true,"href":"https:\/\/camping.webspace.rocks\/index.php?rest_route=%2Fwp%2Fv2%2Fproduct_tag&post=14621"}],"curies":[{"name":"wp","href":"https:\/\/api.w.org\/{rel}","templated":true}]}}