{"id":15116,"date":"2021-07-29T18:31:17","date_gmt":"2021-07-29T18:31:17","guid":{"rendered":"https:\/\/camping.webspace.rocks\/?product=homecall-camping-klappbett-mit-seitentasche-grau-blau"},"modified":"2023-04-09T10:19:12","modified_gmt":"2023-04-09T10:19:12","slug":"homecall-camping-klappbett-mit-seitentasche-grau-blau","status":"publish","type":"product","link":"https:\/\/camping.webspace.rocks\/?product=homecall-camping-klappbett-mit-seitentasche-grau-blau","title":{"rendered":"Homecall Camping-Klappbett mit Seitentasche &#8211; (Grau\/Blau)"},"content":{"rendered":"\n\t\t<style type=\"text\/css\">\n\t\t\t#gallery-1 {\n\t\t\t\tmargin: auto;\n\t\t\t}\n\t\t\t#gallery-1 .gallery-item {\n\t\t\t\tfloat: left;\n\t\t\t\tmargin-top: 10px;\n\t\t\t\ttext-align: center;\n\t\t\t\twidth: 33%;\n\t\t\t}\n\t\t\t#gallery-1 img {\n\t\t\t\tborder: 2px solid #cfcfcf;\n\t\t\t}\n\t\t\t#gallery-1 .gallery-caption {\n\t\t\t\tmargin-left: 0;\n\t\t\t}\n\t\t\t\/* see gallery_shortcode() in wp-includes\/media.php *\/\n\t\t<\/style>\n\t\t<div id='gallery-1' class='gallery galleryid-15116 gallery-columns-3 gallery-size-thumbnail'><dl class='gallery-item'>\n\t\t\t<dt class='gallery-icon landscape'>\n\t\t\t\t<a href='https:\/\/camping.webspace.rocks\/?attachment_id=15117'><img width=\"150\" height=\"150\" src=\"https:\/\/m.media-amazon.com\/images\/I\/31gEJ9PAUlL._SS150_.jpg\" class=\"attachment-thumbnail size-thumbnail\" alt=\"\" loading=\"lazy\" srcset=\"https:\/\/m.media-amazon.com\/images\/I\/31gEJ9PAUlL._SS150_.jpg 150w, https:\/\/m.media-amazon.com\/images\/I\/31gEJ9PAUlL._SS300_.jpg 300w, https:\/\/m.media-amazon.com\/images\/I\/31gEJ9PAUlL._SS768_.jpg 768w, https:\/\/m.media-amazon.com\/images\/I\/31gEJ9PAUlL._SS1024_.jpg 1024w, https:\/\/m.media-amazon.com\/images\/I\/31gEJ9PAUlL._SS1536_.jpg 1536w, https:\/\/m.media-amazon.com\/images\/I\/31gEJ9PAUlL._SS2048_.jpg 2048w, https:\/\/m.media-amazon.com\/images\/I\/31gEJ9PAUlL._SS1200_.jpg 1200w, https:\/\/m.media-amazon.com\/images\/I\/31gEJ9PAUlL._SS600_.jpg 600w, https:\/\/m.media-amazon.com\/images\/I\/31gEJ9PAUlL.jpg 500w\" sizes=\"(max-width: 150px) 100vw, 150px\" \/><\/a>\n\t\t\t<\/dt><\/dl><dl class='gallery-item'>\n\t\t\t<dt class='gallery-icon landscape'>\n\t\t\t\t<a href='https:\/\/camping.webspace.rocks\/?attachment_id=15118'><img width=\"150\" height=\"150\" src=\"https:\/\/m.media-amazon.com\/images\/I\/41+f5qBTL3L._SS150_.jpg\" class=\"attachment-thumbnail size-thumbnail\" alt=\"\" loading=\"lazy\" srcset=\"https:\/\/m.media-amazon.com\/images\/I\/41+f5qBTL3L._SS150_.jpg 150w, https:\/\/m.media-amazon.com\/images\/I\/41+f5qBTL3L._SS300_.jpg 300w, https:\/\/m.media-amazon.com\/images\/I\/41+f5qBTL3L._SS768_.jpg 768w, https:\/\/m.media-amazon.com\/images\/I\/41+f5qBTL3L._SS1024_.jpg 1024w, https:\/\/m.media-amazon.com\/images\/I\/41+f5qBTL3L._SS1536_.jpg 1536w, https:\/\/m.media-amazon.com\/images\/I\/41+f5qBTL3L._SS2048_.jpg 2048w, https:\/\/m.media-amazon.com\/images\/I\/41+f5qBTL3L._SS1200_.jpg 1200w, https:\/\/m.media-amazon.com\/images\/I\/41+f5qBTL3L._SS600_.jpg 600w, https:\/\/m.media-amazon.com\/images\/I\/41+f5qBTL3L.jpg 500w\" sizes=\"(max-width: 150px) 100vw, 150px\" \/><\/a>\n\t\t\t<\/dt><\/dl><dl class='gallery-item'>\n\t\t\t<dt class='gallery-icon landscape'>\n\t\t\t\t<a href='https:\/\/camping.webspace.rocks\/?attachment_id=15119'><img width=\"150\" height=\"150\" src=\"https:\/\/m.media-amazon.com\/images\/I\/41349Q8-2eL._SS150_.jpg\" class=\"attachment-thumbnail size-thumbnail\" alt=\"\" loading=\"lazy\" srcset=\"https:\/\/m.media-amazon.com\/images\/I\/41349Q8-2eL._SS150_.jpg 150w, https:\/\/m.media-amazon.com\/images\/I\/41349Q8-2eL._SS300_.jpg 300w, https:\/\/m.media-amazon.com\/images\/I\/41349Q8-2eL._SS768_.jpg 768w, https:\/\/m.media-amazon.com\/images\/I\/41349Q8-2eL._SS1024_.jpg 1024w, https:\/\/m.media-amazon.com\/images\/I\/41349Q8-2eL._SS1536_.jpg 1536w, https:\/\/m.media-amazon.com\/images\/I\/41349Q8-2eL._SS2048_.jpg 2048w, https:\/\/m.media-amazon.com\/images\/I\/41349Q8-2eL._SS1200_.jpg 1200w, https:\/\/m.media-amazon.com\/images\/I\/41349Q8-2eL._SS600_.jpg 600w, https:\/\/m.media-amazon.com\/images\/I\/41349Q8-2eL.jpg 500w\" sizes=\"(max-width: 150px) 100vw, 150px\" \/><\/a>\n\t\t\t<\/dt><\/dl><br style=\"clear: both\" \/>\n\t\t<\/div>\n\n<div class=\"disclaim\"> Stil:<strong>standard mit pocket<\/strong> | Farbe:<strong>Grau\/Blau<\/strong> <\/div>\n<p> <!-- show up to 2 reviews by default --> <\/p>\n<p>Homecall ist eine Amazon-Marke, die an Dritthersteller lizenziert ist. Details zu den Herstellern finden Sie in der Produktverpackung. <\/p>\n<p>Rip-Stop-Gewebe in der Mitte mit 600D Polyester auf beiden Seiten<br \/>\nGr\u00f6\u00dfere Schlaffl\u00e4che f\u00fcr mehr Komfort und Entspannung<br \/>\nH\u00e4ngende Seitentasche f\u00fcr Zubeh\u00f6r<br \/>\nKompakte Gr\u00f6\u00dfe f\u00fcr minimalen Platzbedarf bei Nichtgebrauch<br \/>\n5-fach verstellbare R\u00fcckenlehne, stabil, standfest mit einer maximalen Tragkraft von 120 kg<br \/>\n<div class=\"main-cross-sell\" data-asin=\"B07ZPKSJYQ\">\n\n\t<div class=\"WooZone-cross-sell-loader\">\n\t\t<div>\n\t\t\t<div id=\"floatingBarsG\">\n\t\t\t\t<div class=\"blockG\" id=\"rotateG_01\"><\/div>\n\t\t\t\t<div class=\"blockG\" id=\"rotateG_02\"><\/div>\n\t\t\t\t<div class=\"blockG\" id=\"rotateG_03\"><\/div>\n\t\t\t\t<div class=\"blockG\" id=\"rotateG_04\"><\/div>\n\t\t\t\t<div class=\"blockG\" id=\"rotateG_05\"><\/div>\n\t\t\t\t<div class=\"blockG\" id=\"rotateG_06\"><\/div>\n\t\t\t\t<div class=\"blockG\" id=\"rotateG_07\"><\/div>\n\t\t\t\t<div class=\"blockG\" id=\"rotateG_08\"><\/div>\n\t\t\t<\/div>\n\t\t\t<div class=\"WooZone-cross-sell-loader-text\"><\/div>\n\t\t<\/div>\n\t<\/div>\n\n\t\t\n<\/div>\n<div style=\"clear:both;\"><\/div><\/p>\n","protected":false},"excerpt":{"rendered":"<p>Rip-Stop-Gewebe in der Mitte mit 600D Polyester auf beiden Seiten<br \/>\nGr\u00f6\u00dfere Schlaffl\u00e4che f\u00fcr mehr Komfort und Entspannung<br \/>\nH\u00e4ngende Seitentasche f\u00fcr Zubeh\u00f6r<\/p>\n","protected":false},"featured_media":15117,"comment_status":"open","ping_status":"closed","template":"","meta":[],"product_cat":[26],"product_tag":[],"_links":{"self":[{"href":"https:\/\/camping.webspace.rocks\/index.php?rest_route=\/wp\/v2\/product\/15116"}],"collection":[{"href":"https:\/\/camping.webspace.rocks\/index.php?rest_route=\/wp\/v2\/product"}],"about":[{"href":"https:\/\/camping.webspace.rocks\/index.php?rest_route=\/wp\/v2\/types\/product"}],"replies":[{"embeddable":true,"href":"https:\/\/camping.webspace.rocks\/index.php?rest_route=%2Fwp%2Fv2%2Fcomments&post=15116"}],"version-history":[{"count":1,"href":"https:\/\/camping.webspace.rocks\/index.php?rest_route=\/wp\/v2\/product\/15116\/revisions"}],"predecessor-version":[{"id":18233,"href":"https:\/\/camping.webspace.rocks\/index.php?rest_route=\/wp\/v2\/product\/15116\/revisions\/18233"}],"wp:featuredmedia":[{"embeddable":true,"href":"https:\/\/camping.webspace.rocks\/index.php?rest_route=\/wp\/v2\/media\/15117"}],"wp:attachment":[{"href":"https:\/\/camping.webspace.rocks\/index.php?rest_route=%2Fwp%2Fv2%2Fmedia&parent=15116"}],"wp:term":[{"taxonomy":"product_cat","embeddable":true,"href":"https:\/\/camping.webspace.rocks\/index.php?rest_route=%2Fwp%2Fv2%2Fproduct_cat&post=15116"},{"taxonomy":"product_tag","embeddable":true,"href":"https:\/\/camping.webspace.rocks\/index.php?rest_route=%2Fwp%2Fv2%2Fproduct_tag&post=15116"}],"curies":[{"name":"wp","href":"https:\/\/api.w.org\/{rel}","templated":true}]}}