{"id":15564,"date":"2021-07-29T19:12:41","date_gmt":"2021-07-29T19:12:41","guid":{"rendered":"https:\/\/camping.webspace.rocks\/?product=rothenberger-industrial-035985f-gasheizstrahler-mit-piezozuendung-frankreich-version-grau"},"modified":"2023-04-09T10:25:29","modified_gmt":"2023-04-09T10:25:29","slug":"rothenberger-industrial-035985f-gasheizstrahler-mit-piezozuendung-frankreich-version-grau","status":"publish","type":"product","link":"https:\/\/camping.webspace.rocks\/?product=rothenberger-industrial-035985f-gasheizstrahler-mit-piezozuendung-frankreich-version-grau","title":{"rendered":"ROTHENBERGER Industrial Gasheizstrahler mit Piezoz\u00fcndung &#8211; Frankreich Version, Grau, 035985F"},"content":{"rendered":"<p><!-- show up to 2 reviews by default --> <\/p>\n<p>Der Gasheizstrahler ECO VERSION FRANKREICH mit Piezoz\u00fcndung von Rothenberger Industrial eignet sich perfekt f\u00fcr eine Anwendung im Outdoor Bereich. Der Strahler zeichnet sich unter anderem durch ein robustes Stahlblechgeh\u00e4use aus. Technische Daten: Stufenlos regelbarInklusive Z\u00fcndsicherung, Piezo-Z\u00fcndung und robustem Metallgeh\u00e4useInklusive Schlauch, Propankonstantregler und St\u00e4nder zur einfachen und sicheren Montage auf 5kg &amp; 11kg Gasflaschen <\/p>\n<p>Gasverbrauch: ca. 370 g\/h bei 50 mbar<br \/>\nLeistung: max. 4, 20 kW\/ min. 2, 70 kW<br \/>\nMontage auf Haushaltsgasflaschen 5 Kg u. 10 Kg<br \/>\ninkl. Druckregler und Schlauch<br \/>\n<div class=\"main-cross-sell\" data-asin=\"B075D6B6ZX\">\n\n\t<div class=\"WooZone-cross-sell-loader\">\n\t\t<div>\n\t\t\t<div id=\"floatingBarsG\">\n\t\t\t\t<div class=\"blockG\" id=\"rotateG_01\"><\/div>\n\t\t\t\t<div class=\"blockG\" id=\"rotateG_02\"><\/div>\n\t\t\t\t<div class=\"blockG\" id=\"rotateG_03\"><\/div>\n\t\t\t\t<div class=\"blockG\" id=\"rotateG_04\"><\/div>\n\t\t\t\t<div class=\"blockG\" id=\"rotateG_05\"><\/div>\n\t\t\t\t<div class=\"blockG\" id=\"rotateG_06\"><\/div>\n\t\t\t\t<div class=\"blockG\" id=\"rotateG_07\"><\/div>\n\t\t\t\t<div class=\"blockG\" id=\"rotateG_08\"><\/div>\n\t\t\t<\/div>\n\t\t\t<div class=\"WooZone-cross-sell-loader-text\"><\/div>\n\t\t<\/div>\n\t<\/div>\n\n\t\t\n<\/div>\n<div style=\"clear:both;\"><\/div><\/p>\n","protected":false},"excerpt":{"rendered":"<p>Gasverbrauch: ca. 370 g\/h bei 50 mbar<br \/>\nLeistung: max. 4, 20 kW\/ min. 2, 70 kW<br \/>\nMontage auf Haushaltsgasflaschen 5 Kg u. 10 Kg<\/p>\n","protected":false},"featured_media":15565,"comment_status":"open","ping_status":"closed","template":"","meta":[],"product_cat":[4126],"product_tag":[],"_links":{"self":[{"href":"https:\/\/camping.webspace.rocks\/index.php?rest_route=\/wp\/v2\/product\/15564"}],"collection":[{"href":"https:\/\/camping.webspace.rocks\/index.php?rest_route=\/wp\/v2\/product"}],"about":[{"href":"https:\/\/camping.webspace.rocks\/index.php?rest_route=\/wp\/v2\/types\/product"}],"replies":[{"embeddable":true,"href":"https:\/\/camping.webspace.rocks\/index.php?rest_route=%2Fwp%2Fv2%2Fcomments&post=15564"}],"version-history":[{"count":2,"href":"https:\/\/camping.webspace.rocks\/index.php?rest_route=\/wp\/v2\/product\/15564\/revisions"}],"predecessor-version":[{"id":19176,"href":"https:\/\/camping.webspace.rocks\/index.php?rest_route=\/wp\/v2\/product\/15564\/revisions\/19176"}],"wp:featuredmedia":[{"embeddable":true,"href":"https:\/\/camping.webspace.rocks\/index.php?rest_route=\/wp\/v2\/media\/15565"}],"wp:attachment":[{"href":"https:\/\/camping.webspace.rocks\/index.php?rest_route=%2Fwp%2Fv2%2Fmedia&parent=15564"}],"wp:term":[{"taxonomy":"product_cat","embeddable":true,"href":"https:\/\/camping.webspace.rocks\/index.php?rest_route=%2Fwp%2Fv2%2Fproduct_cat&post=15564"},{"taxonomy":"product_tag","embeddable":true,"href":"https:\/\/camping.webspace.rocks\/index.php?rest_route=%2Fwp%2Fv2%2Fproduct_tag&post=15564"}],"curies":[{"name":"wp","href":"https:\/\/api.w.org\/{rel}","templated":true}]}}