{"id":16939,"date":"2021-07-29T21:33:03","date_gmt":"2021-07-29T21:33:03","guid":{"rendered":"https:\/\/camping.webspace.rocks\/?product=edi-tronic-uv-insektenvernichter-20w-insektenkiller-insekten-lampe-insektenlampe-insektenfalle"},"modified":"2023-04-09T10:29:55","modified_gmt":"2023-04-09T10:29:55","slug":"edi-tronic-uv-insektenvernichter-20w-insektenkiller-insekten-lampe-insektenlampe-insektenfalle","status":"publish","type":"product","link":"https:\/\/camping.webspace.rocks\/?product=edi-tronic-uv-insektenvernichter-20w-insektenkiller-insekten-lampe-insektenlampe-insektenfalle","title":{"rendered":"UV Insektenvernichter 20W Insektenkiller Insekten Lampe Insektenlampe Insektenfalle"},"content":{"rendered":"<p>\n\t\t<style type=\"text\/css\">\n\t\t\t#gallery-1 {\n\t\t\t\tmargin: auto;\n\t\t\t}\n\t\t\t#gallery-1 .gallery-item {\n\t\t\t\tfloat: left;\n\t\t\t\tmargin-top: 10px;\n\t\t\t\ttext-align: center;\n\t\t\t\twidth: 33%;\n\t\t\t}\n\t\t\t#gallery-1 img {\n\t\t\t\tborder: 2px solid #cfcfcf;\n\t\t\t}\n\t\t\t#gallery-1 .gallery-caption {\n\t\t\t\tmargin-left: 0;\n\t\t\t}\n\t\t\t\/* see gallery_shortcode() in wp-includes\/media.php *\/\n\t\t<\/style>\n\t\t<div id='gallery-1' class='gallery galleryid-16939 gallery-columns-3 gallery-size-thumbnail'><dl class='gallery-item'>\n\t\t\t<dt class='gallery-icon landscape'>\n\t\t\t\t<a href='https:\/\/camping.webspace.rocks\/?attachment_id=16940'><img width=\"150\" height=\"150\" src=\"https:\/\/m.media-amazon.com\/images\/I\/51W8CWYC1tL._SS150_.jpg\" class=\"attachment-thumbnail size-thumbnail\" alt=\"\" loading=\"lazy\" srcset=\"https:\/\/m.media-amazon.com\/images\/I\/51W8CWYC1tL._SS150_.jpg 150w, https:\/\/m.media-amazon.com\/images\/I\/51W8CWYC1tL._SS300_.jpg 300w, https:\/\/m.media-amazon.com\/images\/I\/51W8CWYC1tL._SS768_.jpg 768w, https:\/\/m.media-amazon.com\/images\/I\/51W8CWYC1tL._SS1024_.jpg 1024w, https:\/\/m.media-amazon.com\/images\/I\/51W8CWYC1tL._SS1536_.jpg 1536w, https:\/\/m.media-amazon.com\/images\/I\/51W8CWYC1tL._SS2048_.jpg 2048w, https:\/\/m.media-amazon.com\/images\/I\/51W8CWYC1tL._SS1200_.jpg 1200w, https:\/\/m.media-amazon.com\/images\/I\/51W8CWYC1tL._SS600_.jpg 600w, https:\/\/m.media-amazon.com\/images\/I\/51W8CWYC1tL.jpg 500w\" sizes=\"(max-width: 150px) 100vw, 150px\" \/><\/a>\n\t\t\t<\/dt><\/dl><dl class='gallery-item'>\n\t\t\t<dt class='gallery-icon landscape'>\n\t\t\t\t<a href='https:\/\/camping.webspace.rocks\/?attachment_id=16941'><img width=\"150\" height=\"150\" src=\"https:\/\/m.media-amazon.com\/images\/I\/51KcnjPWRZL._SS150_.jpg\" class=\"attachment-thumbnail size-thumbnail\" alt=\"\" loading=\"lazy\" srcset=\"https:\/\/m.media-amazon.com\/images\/I\/51KcnjPWRZL._SS150_.jpg 150w, https:\/\/m.media-amazon.com\/images\/I\/51KcnjPWRZL._SS300_.jpg 300w, https:\/\/m.media-amazon.com\/images\/I\/51KcnjPWRZL._SS768_.jpg 768w, https:\/\/m.media-amazon.com\/images\/I\/51KcnjPWRZL._SS1024_.jpg 1024w, https:\/\/m.media-amazon.com\/images\/I\/51KcnjPWRZL._SS1536_.jpg 1536w, https:\/\/m.media-amazon.com\/images\/I\/51KcnjPWRZL._SS2048_.jpg 2048w, https:\/\/m.media-amazon.com\/images\/I\/51KcnjPWRZL._SS1200_.jpg 1200w, https:\/\/m.media-amazon.com\/images\/I\/51KcnjPWRZL._SS600_.jpg 600w, https:\/\/m.media-amazon.com\/images\/I\/51KcnjPWRZL.jpg 500w\" sizes=\"(max-width: 150px) 100vw, 150px\" \/><\/a>\n\t\t\t<\/dt><\/dl><dl class='gallery-item'>\n\t\t\t<dt class='gallery-icon landscape'>\n\t\t\t\t<a href='https:\/\/camping.webspace.rocks\/?attachment_id=16942'><img width=\"150\" height=\"150\" src=\"https:\/\/m.media-amazon.com\/images\/I\/51x7hrno0jL._SS150_.jpg\" class=\"attachment-thumbnail size-thumbnail\" alt=\"\" loading=\"lazy\" srcset=\"https:\/\/m.media-amazon.com\/images\/I\/51x7hrno0jL._SS150_.jpg 150w, https:\/\/m.media-amazon.com\/images\/I\/51x7hrno0jL._SS300_.jpg 300w, https:\/\/m.media-amazon.com\/images\/I\/51x7hrno0jL._SS768_.jpg 768w, https:\/\/m.media-amazon.com\/images\/I\/51x7hrno0jL._SS1024_.jpg 1024w, https:\/\/m.media-amazon.com\/images\/I\/51x7hrno0jL._SS1536_.jpg 1536w, https:\/\/m.media-amazon.com\/images\/I\/51x7hrno0jL._SS2048_.jpg 2048w, https:\/\/m.media-amazon.com\/images\/I\/51x7hrno0jL._SS1200_.jpg 1200w, https:\/\/m.media-amazon.com\/images\/I\/51x7hrno0jL._SS600_.jpg 600w, https:\/\/m.media-amazon.com\/images\/I\/51x7hrno0jL.jpg 500w\" sizes=\"(max-width: 150px) 100vw, 150px\" \/><\/a>\n\t\t\t<\/dt><\/dl><br style=\"clear: both\" \/>\n\t\t<\/div>\n<br \/>\nPraktisch: Die Fluginsekten werden von dem Licht der Leuchtstoffr\u00f6hren angelockt und anschlie\u00dfend beim Durchfliegen des inneren Gitters mit einer Hochspannung get\u00f6tet. Das \u00e4u\u00dfere Gitter sch\u00fctzt Sie vor dem unbeabsichtigtem Anfassen des inneren Gitters.<br \/>\nOptimal f\u00fcr: Wohnungen, Garten, Terrasse, Restaurant , Lebensmittelr\u00e4ume, Lagerr\u00e4ume etc. Sehr einfache Reinigung durch Auffangbeh\u00e4lter<br \/>\nWirkt ideal gegen: M\u00fccken, Schnaken und andere fliegende Insekten und ist dabei umweltfreundlich ganz ohne Chemie<br \/>\nProduktvorteile: Stehend oder Deckenmontage, inkl. Aufh\u00e4ngekette \/ \u00e4u\u00dferes Schutzgitter \/ An-und Ausschalter an der Seite \/ einfach zu reinigen durch herausnehmbaren Auffangbeh\u00e4lter \/ UV Leuchtr\u00f6hre &#8211; hohe Anziehungskraft f\u00fcr Fliegen \/ keine Chemikalien, kein Rauch, kein Geruch, kein Dreck<br \/>\n<div class=\"main-cross-sell\" data-asin=\"B00M0M8BK2\">\n\n\t<div class=\"WooZone-cross-sell-loader\">\n\t\t<div>\n\t\t\t<div id=\"floatingBarsG\">\n\t\t\t\t<div class=\"blockG\" id=\"rotateG_01\"><\/div>\n\t\t\t\t<div class=\"blockG\" id=\"rotateG_02\"><\/div>\n\t\t\t\t<div class=\"blockG\" id=\"rotateG_03\"><\/div>\n\t\t\t\t<div class=\"blockG\" id=\"rotateG_04\"><\/div>\n\t\t\t\t<div class=\"blockG\" id=\"rotateG_05\"><\/div>\n\t\t\t\t<div class=\"blockG\" id=\"rotateG_06\"><\/div>\n\t\t\t\t<div class=\"blockG\" id=\"rotateG_07\"><\/div>\n\t\t\t\t<div class=\"blockG\" id=\"rotateG_08\"><\/div>\n\t\t\t<\/div>\n\t\t\t<div class=\"WooZone-cross-sell-loader-text\"><\/div>\n\t\t<\/div>\n\t<\/div>\n\n\t\t\n<\/div>\n<div style=\"clear:both;\"><\/div><\/p>\n","protected":false},"excerpt":{"rendered":"<p>Praktisch: Die Fluginsekten werden von dem Licht der Leuchtstoffr\u00f6hren angelockt und anschlie\u00dfend beim Durchfliegen des inneren Gitters mit einer Hochspannung get\u00f6tet. Das \u00e4u\u00dfere Gitter sch\u00fctzt Sie vor dem unbeabsichtigtem Anfassen des inneren Gitters.<br \/>\nOptimal f\u00fcr: Wohnungen, Garten, Terrasse, Restaurant , Lebensmittelr\u00e4ume, Lagerr\u00e4ume etc. Sehr einfache Reinigung durch Auffangbeh\u00e4lter<br \/>\nWirkt ideal gegen: M\u00fccken, Schnaken und andere fliegende Insekten und ist dabei umweltfreundlich ganz ohne Chemie<\/p>\n","protected":false},"featured_media":16940,"comment_status":"open","ping_status":"closed","template":"","meta":[],"product_cat":[69],"product_tag":[],"_links":{"self":[{"href":"https:\/\/camping.webspace.rocks\/index.php?rest_route=\/wp\/v2\/product\/16939"}],"collection":[{"href":"https:\/\/camping.webspace.rocks\/index.php?rest_route=\/wp\/v2\/product"}],"about":[{"href":"https:\/\/camping.webspace.rocks\/index.php?rest_route=\/wp\/v2\/types\/product"}],"replies":[{"embeddable":true,"href":"https:\/\/camping.webspace.rocks\/index.php?rest_route=%2Fwp%2Fv2%2Fcomments&post=16939"}],"version-history":[{"count":2,"href":"https:\/\/camping.webspace.rocks\/index.php?rest_route=\/wp\/v2\/product\/16939\/revisions"}],"predecessor-version":[{"id":19723,"href":"https:\/\/camping.webspace.rocks\/index.php?rest_route=\/wp\/v2\/product\/16939\/revisions\/19723"}],"wp:featuredmedia":[{"embeddable":true,"href":"https:\/\/camping.webspace.rocks\/index.php?rest_route=\/wp\/v2\/media\/16940"}],"wp:attachment":[{"href":"https:\/\/camping.webspace.rocks\/index.php?rest_route=%2Fwp%2Fv2%2Fmedia&parent=16939"}],"wp:term":[{"taxonomy":"product_cat","embeddable":true,"href":"https:\/\/camping.webspace.rocks\/index.php?rest_route=%2Fwp%2Fv2%2Fproduct_cat&post=16939"},{"taxonomy":"product_tag","embeddable":true,"href":"https:\/\/camping.webspace.rocks\/index.php?rest_route=%2Fwp%2Fv2%2Fproduct_tag&post=16939"}],"curies":[{"name":"wp","href":"https:\/\/api.w.org\/{rel}","templated":true}]}}