{"id":17090,"date":"2021-07-29T21:42:49","date_gmt":"2021-07-29T21:42:49","guid":{"rendered":"https:\/\/camping.webspace.rocks\/?product=yoga-kleidung-anzug-5er-set-trainingsanzug-laufbekleidung-gym-fitness-kleidung"},"modified":"2023-04-10T12:36:52","modified_gmt":"2023-04-10T12:36:52","slug":"yoga-kleidung-anzug-5er-set-trainingsanzug-laufbekleidung-gym-fitness-kleidung","status":"publish","type":"product","link":"https:\/\/camping.webspace.rocks\/?product=yoga-kleidung-anzug-5er-set-trainingsanzug-laufbekleidung-gym-fitness-kleidung","title":{"rendered":"JULY&#8217;S SONG Yoga Kleidung Anzug 5er-Set Trainingsanzug Laufbekleidung Gym Fitness Kleidung"},"content":{"rendered":"<p>\n\t\t<style type=\"text\/css\">\n\t\t\t#gallery-1 {\n\t\t\t\tmargin: auto;\n\t\t\t}\n\t\t\t#gallery-1 .gallery-item {\n\t\t\t\tfloat: left;\n\t\t\t\tmargin-top: 10px;\n\t\t\t\ttext-align: center;\n\t\t\t\twidth: 33%;\n\t\t\t}\n\t\t\t#gallery-1 img {\n\t\t\t\tborder: 2px solid #cfcfcf;\n\t\t\t}\n\t\t\t#gallery-1 .gallery-caption {\n\t\t\t\tmargin-left: 0;\n\t\t\t}\n\t\t\t\/* see gallery_shortcode() in wp-includes\/media.php *\/\n\t\t<\/style>\n\t\t<div id='gallery-1' class='gallery galleryid-17090 gallery-columns-3 gallery-size-thumbnail'><dl class='gallery-item'>\n\t\t\t<dt class='gallery-icon landscape'>\n\t\t\t\t<a href='https:\/\/camping.webspace.rocks\/?attachment_id=17091'><img width=\"150\" height=\"150\" src=\"https:\/\/m.media-amazon.com\/images\/I\/41r-PzBGJxL._SS150_.jpg\" class=\"attachment-thumbnail size-thumbnail\" alt=\"\" loading=\"lazy\" srcset=\"https:\/\/m.media-amazon.com\/images\/I\/41r-PzBGJxL._SS150_.jpg 150w, https:\/\/m.media-amazon.com\/images\/I\/41r-PzBGJxL._SS300_.jpg 300w, https:\/\/m.media-amazon.com\/images\/I\/41r-PzBGJxL._SS768_.jpg 768w, https:\/\/m.media-amazon.com\/images\/I\/41r-PzBGJxL._SS1024_.jpg 1024w, https:\/\/m.media-amazon.com\/images\/I\/41r-PzBGJxL._SS1536_.jpg 1536w, https:\/\/m.media-amazon.com\/images\/I\/41r-PzBGJxL._SS2048_.jpg 2048w, https:\/\/m.media-amazon.com\/images\/I\/41r-PzBGJxL._SS1200_.jpg 1200w, https:\/\/m.media-amazon.com\/images\/I\/41r-PzBGJxL._SS600_.jpg 600w, https:\/\/m.media-amazon.com\/images\/I\/41r-PzBGJxL.jpg 500w\" sizes=\"(max-width: 150px) 100vw, 150px\" \/><\/a>\n\t\t\t<\/dt><\/dl><dl class='gallery-item'>\n\t\t\t<dt class='gallery-icon landscape'>\n\t\t\t\t<a href='https:\/\/camping.webspace.rocks\/?attachment_id=17092'><img width=\"150\" height=\"150\" src=\"https:\/\/m.media-amazon.com\/images\/I\/51+YO4LBLyL._SS150_.jpg\" class=\"attachment-thumbnail size-thumbnail\" alt=\"\" loading=\"lazy\" srcset=\"https:\/\/m.media-amazon.com\/images\/I\/51+YO4LBLyL._SS150_.jpg 150w, https:\/\/m.media-amazon.com\/images\/I\/51+YO4LBLyL._SS300_.jpg 300w, https:\/\/m.media-amazon.com\/images\/I\/51+YO4LBLyL._SS768_.jpg 768w, https:\/\/m.media-amazon.com\/images\/I\/51+YO4LBLyL._SS1024_.jpg 1024w, https:\/\/m.media-amazon.com\/images\/I\/51+YO4LBLyL._SS1536_.jpg 1536w, https:\/\/m.media-amazon.com\/images\/I\/51+YO4LBLyL._SS2048_.jpg 2048w, https:\/\/m.media-amazon.com\/images\/I\/51+YO4LBLyL._SS1200_.jpg 1200w, https:\/\/m.media-amazon.com\/images\/I\/51+YO4LBLyL._SS600_.jpg 600w, https:\/\/m.media-amazon.com\/images\/I\/51+YO4LBLyL.jpg 500w\" sizes=\"(max-width: 150px) 100vw, 150px\" \/><\/a>\n\t\t\t<\/dt><\/dl><dl class='gallery-item'>\n\t\t\t<dt class='gallery-icon landscape'>\n\t\t\t\t<a href='https:\/\/camping.webspace.rocks\/?attachment_id=17093'><img width=\"150\" height=\"150\" src=\"https:\/\/m.media-amazon.com\/images\/I\/417beLot1BS._SS150_.jpg\" class=\"attachment-thumbnail size-thumbnail\" alt=\"\" loading=\"lazy\" srcset=\"https:\/\/m.media-amazon.com\/images\/I\/417beLot1BS._SS150_.jpg 150w, https:\/\/m.media-amazon.com\/images\/I\/417beLot1BS._SS300_.jpg 300w, https:\/\/m.media-amazon.com\/images\/I\/417beLot1BS._SS768_.jpg 768w, https:\/\/m.media-amazon.com\/images\/I\/417beLot1BS._SS1024_.jpg 1024w, https:\/\/m.media-amazon.com\/images\/I\/417beLot1BS._SS1536_.jpg 1536w, https:\/\/m.media-amazon.com\/images\/I\/417beLot1BS._SS2048_.jpg 2048w, https:\/\/m.media-amazon.com\/images\/I\/417beLot1BS._SS1200_.jpg 1200w, https:\/\/m.media-amazon.com\/images\/I\/417beLot1BS._SS600_.jpg 600w, https:\/\/m.media-amazon.com\/images\/I\/417beLot1BS.jpg 500w\" sizes=\"(max-width: 150px) 100vw, 150px\" \/><\/a>\n\t\t\t<\/dt><\/dl><br style=\"clear: both\" \/>\n\t\t<\/div>\n<br \/>\n<!-- show up to 2 reviews by default --> <\/p>\n<p><b>&#x1f525; Hinweis &#x1f525;:<\/b><br \/> Bitte <b>best\u00e4tigen<\/b> Sie den <b>&#8222;YOHTHUNION&#8220;<\/b> Shop vor dem Kauf. Alle unsere Produkte haben 30 Tage R\u00fcckgaberecht. Zus\u00e4tzlich wird eine 12-monatige Garantie gew\u00e4hrt.<br \/><b>Andere Verk\u00e4ufer<br \/> in diesem Angebot verkaufen gef\u00e4lschte Yoga Suit. Wir erlauben ihnen niemals, unsere &#8222;YOHTHUNION&#8220; -Produkte zu verkaufen.<br \/> Wir haben <b>viele Kundenbeschwerden gegen andere Verk\u00e4ufer wegen schlechter Qualit\u00e4t <\/b>erhalten. Wenn Sie hier kaufen und von einem anderen Verk\u00e4ufer erhalten, melden Sie sich bitte bei Amazon f\u00fcr Artikel, die nicht wie beschrieben sind.<br \/> Vielen Dank f\u00fcr Ihre Hilfe!<\/p>\n<p><b>Material:<\/b><br \/> 90% Polyester, 10%Spandex ( Jacke, T-Shirt, Sport-BH )<br \/> 77% Polyester, 23% Elasthan (lange Hose und Shorts )<\/p>\n<p><b>Paketinhalt:<\/b><br \/> Jacke, T-Shirt, lange Hose, Shorts und Sport-BH<\/p>\n<p><b>Farbe: <\/b><br \/> Rosa, Dunkelgrau, Gr\u00fcn<\/p>\n<p><b>Gr\u00f6\u00dfe:<\/b><br \/> S M L XL<\/p>\n<p><b>Hinweis:<\/b><br \/> Die Gr\u00f6\u00dfe des Produktes ist asiatisch (Kleiner als die EU\/ US Gr\u00f6\u00dfe).<br \/><b>Sie k\u00f6nnen 1 Gr\u00f6\u00dfe gr\u00f6\u00dfer als normal w\u00e4hlen.<\/b><br \/> Die Farben k\u00f6nnen von den auf dem Monitor gezeigten Farben leicht abweichen, je nach den Parametern Ihres Monitors.<br \/> Wenn das Produkt nicht zur Ihrer Zufriedenheit ausf\u00e4llt oder irgendein Problem auftreten ist, bitte setzen Sie sich mit uns in Verbindung. Wir stehen Ihnen jeder Zeit zur Verf\u00fcgung.<\/p>\n<p><b>Geeignete Sportarten: <\/b><br \/> Radfahren \/ Camping \/ Outdoor \/ Laufen \/ Jogging \/ Fitness \/ Workout \/ Yoga.<\/p>\n<p><\/b><\/p>\n<p><b> <\/b><br \/>\nMaterialien: 90% Polyester, 10% Spandex (Jacke, T-Shirt, Sport-BH); 77% Polyester, 23% Elasthan (lange Hose und Shorts ). Super bequem und angenehm Atmungsaktiv weicher Stoff f\u00fcr ein sch\u00f6ne Tragegef\u00fchl<br \/>\nGr\u00f6\u00dfe: 4 Gr\u00f6\u00dfe (S, M, L, XL) zur Auswahl. Pflegehinweis: Handw\u00e4sche. Hinweise: Die Gr\u00f6\u00dfe des Produktes ist asiatisc, Sie k\u00f6nnen 1 Gr\u00f6\u00dfe gr\u00f6\u00dfer w\u00e4hlen. Wenn wir Probleme mit der Gr\u00f6\u00dfe haben, kontaktieren Sie uns bitte<br \/>\nLangarm,Kurzarm,\u00c4rmellos<br \/>\nVerschluss: Rei\u00dfverschluss, Pull-on<br \/>\nPolyester<br \/>\nDesign: 5er Sport-Set &#8212; Eine Jacke, T-shirt, lange Hose, Shorts und Sport-BH. Perfekt f\u00fcr verschiedene Zeiten, egal ob morgens oder nachts, Sommer oder Herbst<br \/>\nIdeale Sportanz\u00fcge f\u00fcr alle Arten von Training, Sport, Laufen, Gymnastik, Yoga, ob im Freien oder im Fitnessstudio<br \/>\nAchtung: Bitte best\u00e4tigen Sie vor dem Kauf den &#8222;YOHTHUNION&#8220; Shop. Alle unsere Produkte haben 30-Tage R\u00fcckgaberecht und eine 12-monatige Garantie. Andere Verk\u00e4ufer in diesem Angebot verkaufen Yoga Suit von schlechter Qualit\u00e4t. Falls Sie nach Einkaufen nicht mit unserem Produkt zufrieden w\u00e4ren oder was Frage oder Problem h\u00e4tten, stehen wir immer f\u00fcr Sie da<br \/>\n<div class=\"main-cross-sell\" data-asin=\"B07MM1F4VL\">\n\n\t<div class=\"WooZone-cross-sell-loader\">\n\t\t<div>\n\t\t\t<div id=\"floatingBarsG\">\n\t\t\t\t<div class=\"blockG\" id=\"rotateG_01\"><\/div>\n\t\t\t\t<div class=\"blockG\" id=\"rotateG_02\"><\/div>\n\t\t\t\t<div class=\"blockG\" id=\"rotateG_03\"><\/div>\n\t\t\t\t<div class=\"blockG\" id=\"rotateG_04\"><\/div>\n\t\t\t\t<div class=\"blockG\" id=\"rotateG_05\"><\/div>\n\t\t\t\t<div class=\"blockG\" id=\"rotateG_06\"><\/div>\n\t\t\t\t<div class=\"blockG\" id=\"rotateG_07\"><\/div>\n\t\t\t\t<div class=\"blockG\" id=\"rotateG_08\"><\/div>\n\t\t\t<\/div>\n\t\t\t<div class=\"WooZone-cross-sell-loader-text\"><\/div>\n\t\t<\/div>\n\t<\/div>\n\n\t\t\n<\/div>\n<div style=\"clear:both;\"><\/div><\/p>\n","protected":false},"excerpt":{"rendered":"<p>Materialien: 90% Polyester, 10% Spandex (Jacke, T-Shirt, Sport-BH); 77% Polyester, 23% Elasthan (lange Hose und Shorts ). Super bequem und angenehm Atmungsaktiv weicher Stoff f\u00fcr ein sch\u00f6ne Tragegef\u00fchl<br \/>\nGr\u00f6\u00dfe: 4 Gr\u00f6\u00dfe (S, M, L, XL) zur Auswahl. Pflegehinweis: Handw\u00e4sche. Hinweise: Die Gr\u00f6\u00dfe des Produktes ist asiatisc, Sie k\u00f6nnen 1 Gr\u00f6\u00dfe gr\u00f6\u00dfer w\u00e4hlen. Wenn wir Probleme mit der Gr\u00f6\u00dfe haben, kontaktieren Sie uns bitte<br \/>\nLangarm,Kurzarm,\u00c4rmellos<\/p>\n","protected":false},"featured_media":17091,"comment_status":"open","ping_status":"closed","template":"","meta":[],"product_cat":[37],"product_tag":[],"_links":{"self":[{"href":"https:\/\/camping.webspace.rocks\/index.php?rest_route=\/wp\/v2\/product\/17090"}],"collection":[{"href":"https:\/\/camping.webspace.rocks\/index.php?rest_route=\/wp\/v2\/product"}],"about":[{"href":"https:\/\/camping.webspace.rocks\/index.php?rest_route=\/wp\/v2\/types\/product"}],"replies":[{"embeddable":true,"href":"https:\/\/camping.webspace.rocks\/index.php?rest_route=%2Fwp%2Fv2%2Fcomments&post=17090"}],"version-history":[{"count":2,"href":"https:\/\/camping.webspace.rocks\/index.php?rest_route=\/wp\/v2\/product\/17090\/revisions"}],"predecessor-version":[{"id":19273,"href":"https:\/\/camping.webspace.rocks\/index.php?rest_route=\/wp\/v2\/product\/17090\/revisions\/19273"}],"wp:featuredmedia":[{"embeddable":true,"href":"https:\/\/camping.webspace.rocks\/index.php?rest_route=\/wp\/v2\/media\/17091"}],"wp:attachment":[{"href":"https:\/\/camping.webspace.rocks\/index.php?rest_route=%2Fwp%2Fv2%2Fmedia&parent=17090"}],"wp:term":[{"taxonomy":"product_cat","embeddable":true,"href":"https:\/\/camping.webspace.rocks\/index.php?rest_route=%2Fwp%2Fv2%2Fproduct_cat&post=17090"},{"taxonomy":"product_tag","embeddable":true,"href":"https:\/\/camping.webspace.rocks\/index.php?rest_route=%2Fwp%2Fv2%2Fproduct_tag&post=17090"}],"curies":[{"name":"wp","href":"https:\/\/api.w.org\/{rel}","templated":true}]}}