{"id":17225,"date":"2021-07-29T21:45:51","date_gmt":"2021-07-29T21:45:51","guid":{"rendered":"https:\/\/camping.webspace.rocks\/?product=geographical-norway-vantaa-herren-softshell-jacke-outdoor-funktionsjacke"},"modified":"2023-04-10T12:36:55","modified_gmt":"2023-04-10T12:36:55","slug":"geographical-norway-vantaa-herren-softshell-jacke-outdoor-funktionsjacke","status":"publish","type":"product","link":"https:\/\/camping.webspace.rocks\/?product=geographical-norway-vantaa-herren-softshell-jacke-outdoor-funktionsjacke","title":{"rendered":"Geographical Norway Vantaa Herren Softshell Jacke Outdoor Funktionsjacke Wasserdicht Atmungsaktiv Winddicht"},"content":{"rendered":"<p>\n\t\t<style type=\"text\/css\">\n\t\t\t#gallery-1 {\n\t\t\t\tmargin: auto;\n\t\t\t}\n\t\t\t#gallery-1 .gallery-item {\n\t\t\t\tfloat: left;\n\t\t\t\tmargin-top: 10px;\n\t\t\t\ttext-align: center;\n\t\t\t\twidth: 33%;\n\t\t\t}\n\t\t\t#gallery-1 img {\n\t\t\t\tborder: 2px solid #cfcfcf;\n\t\t\t}\n\t\t\t#gallery-1 .gallery-caption {\n\t\t\t\tmargin-left: 0;\n\t\t\t}\n\t\t\t\/* see gallery_shortcode() in wp-includes\/media.php *\/\n\t\t<\/style>\n\t\t<div id='gallery-1' class='gallery galleryid-17225 gallery-columns-3 gallery-size-thumbnail'><dl class='gallery-item'>\n\t\t\t<dt class='gallery-icon landscape'>\n\t\t\t\t<a href='https:\/\/camping.webspace.rocks\/?attachment_id=17226'><img width=\"150\" height=\"150\" src=\"https:\/\/m.media-amazon.com\/images\/I\/51RBNUXnmHL._SS150_.jpg\" class=\"attachment-thumbnail size-thumbnail\" alt=\"\" loading=\"lazy\" srcset=\"https:\/\/m.media-amazon.com\/images\/I\/51RBNUXnmHL._SS150_.jpg 150w, https:\/\/m.media-amazon.com\/images\/I\/51RBNUXnmHL._SS300_.jpg 300w, https:\/\/m.media-amazon.com\/images\/I\/51RBNUXnmHL._SS768_.jpg 768w, https:\/\/m.media-amazon.com\/images\/I\/51RBNUXnmHL._SS1024_.jpg 1024w, https:\/\/m.media-amazon.com\/images\/I\/51RBNUXnmHL._SS1536_.jpg 1536w, https:\/\/m.media-amazon.com\/images\/I\/51RBNUXnmHL._SS2048_.jpg 2048w, https:\/\/m.media-amazon.com\/images\/I\/51RBNUXnmHL._SS1200_.jpg 1200w, https:\/\/m.media-amazon.com\/images\/I\/51RBNUXnmHL._SS600_.jpg 600w, https:\/\/m.media-amazon.com\/images\/I\/51RBNUXnmHL.jpg 500w\" sizes=\"(max-width: 150px) 100vw, 150px\" \/><\/a>\n\t\t\t<\/dt><\/dl><dl class='gallery-item'>\n\t\t\t<dt class='gallery-icon landscape'>\n\t\t\t\t<a href='https:\/\/camping.webspace.rocks\/?attachment_id=17227'><img width=\"150\" height=\"150\" src=\"https:\/\/m.media-amazon.com\/images\/I\/41Tcg664otL._SS150_.jpg\" class=\"attachment-thumbnail size-thumbnail\" alt=\"\" loading=\"lazy\" srcset=\"https:\/\/m.media-amazon.com\/images\/I\/41Tcg664otL._SS150_.jpg 150w, https:\/\/m.media-amazon.com\/images\/I\/41Tcg664otL._SS300_.jpg 300w, https:\/\/m.media-amazon.com\/images\/I\/41Tcg664otL._SS768_.jpg 768w, https:\/\/m.media-amazon.com\/images\/I\/41Tcg664otL._SS1024_.jpg 1024w, https:\/\/m.media-amazon.com\/images\/I\/41Tcg664otL._SS1536_.jpg 1536w, https:\/\/m.media-amazon.com\/images\/I\/41Tcg664otL._SS2048_.jpg 2048w, https:\/\/m.media-amazon.com\/images\/I\/41Tcg664otL._SS1200_.jpg 1200w, https:\/\/m.media-amazon.com\/images\/I\/41Tcg664otL._SS600_.jpg 600w, https:\/\/m.media-amazon.com\/images\/I\/41Tcg664otL.jpg 500w\" sizes=\"(max-width: 150px) 100vw, 150px\" \/><\/a>\n\t\t\t<\/dt><\/dl><dl class='gallery-item'>\n\t\t\t<dt class='gallery-icon landscape'>\n\t\t\t\t<a href='https:\/\/camping.webspace.rocks\/?attachment_id=17228'><img width=\"150\" height=\"150\" src=\"https:\/\/m.media-amazon.com\/images\/I\/41gosTuNSEL._SS150_.jpg\" class=\"attachment-thumbnail size-thumbnail\" alt=\"\" loading=\"lazy\" srcset=\"https:\/\/m.media-amazon.com\/images\/I\/41gosTuNSEL._SS150_.jpg 150w, https:\/\/m.media-amazon.com\/images\/I\/41gosTuNSEL._SS300_.jpg 300w, https:\/\/m.media-amazon.com\/images\/I\/41gosTuNSEL._SS768_.jpg 768w, https:\/\/m.media-amazon.com\/images\/I\/41gosTuNSEL._SS1024_.jpg 1024w, https:\/\/m.media-amazon.com\/images\/I\/41gosTuNSEL._SS1536_.jpg 1536w, https:\/\/m.media-amazon.com\/images\/I\/41gosTuNSEL._SS2048_.jpg 2048w, https:\/\/m.media-amazon.com\/images\/I\/41gosTuNSEL._SS1200_.jpg 1200w, https:\/\/m.media-amazon.com\/images\/I\/41gosTuNSEL._SS600_.jpg 600w, https:\/\/m.media-amazon.com\/images\/I\/41gosTuNSEL.jpg 500w\" sizes=\"(max-width: 150px) 100vw, 150px\" \/><\/a>\n\t\t\t<\/dt><\/dl><br style=\"clear: both\" \/>\n\t\t<\/div>\n<br \/>\n<!-- show up to 2 reviews by default --> <\/p>\n<p>Mit unserer hochwertigen Funktionsjacke werden Mensch und Natur vereint, das hei\u00dft raus aus dem Alltag und rein in die Natur. F\u00fcr maximalen Schutz und Spa\u00df sorgt die innovative Textiltechnologie, die wir f\u00fcr unsere Jacke verwenden. Die Atmungsaktive Softshelljacke \u00fcberzeugt auf Anhieb mit ihren wasserabweisenden und winddichten Eigenschaften. Die Kapuze und die Eingriffstaschen sch\u00fctzen vor kaltem Wind. Zudem ist durch das elastische Softshellmaterial eine optimale Bewegungsfreiheit gew\u00e4hrleistet. Ob drau\u00dfen in der Stadt oder in der Natur. Die Softshelljacke ist ein sehr verl\u00e4sslicher Begleiter an der frischen Luft. <\/p>\n<p>Langarm<br \/>\n96% Polyester, 4% Elasthan<br \/>\n<div class=\"main-cross-sell\" data-asin=\"B074MZGSZW\">\n\n\t<div class=\"WooZone-cross-sell-loader\">\n\t\t<div>\n\t\t\t<div id=\"floatingBarsG\">\n\t\t\t\t<div class=\"blockG\" id=\"rotateG_01\"><\/div>\n\t\t\t\t<div class=\"blockG\" id=\"rotateG_02\"><\/div>\n\t\t\t\t<div class=\"blockG\" id=\"rotateG_03\"><\/div>\n\t\t\t\t<div class=\"blockG\" id=\"rotateG_04\"><\/div>\n\t\t\t\t<div class=\"blockG\" id=\"rotateG_05\"><\/div>\n\t\t\t\t<div class=\"blockG\" id=\"rotateG_06\"><\/div>\n\t\t\t\t<div class=\"blockG\" id=\"rotateG_07\"><\/div>\n\t\t\t\t<div class=\"blockG\" id=\"rotateG_08\"><\/div>\n\t\t\t<\/div>\n\t\t\t<div class=\"WooZone-cross-sell-loader-text\"><\/div>\n\t\t<\/div>\n\t<\/div>\n\n\t\t\n<\/div>\n<div style=\"clear:both;\"><\/div><\/p>\n","protected":false},"excerpt":{"rendered":"<p>Langarm<br \/>\n96% Polyester, 4% Elasthan<\/p>\n","protected":false},"featured_media":17226,"comment_status":"open","ping_status":"closed","template":"","meta":[],"product_cat":[37],"product_tag":[],"_links":{"self":[{"href":"https:\/\/camping.webspace.rocks\/index.php?rest_route=\/wp\/v2\/product\/17225"}],"collection":[{"href":"https:\/\/camping.webspace.rocks\/index.php?rest_route=\/wp\/v2\/product"}],"about":[{"href":"https:\/\/camping.webspace.rocks\/index.php?rest_route=\/wp\/v2\/types\/product"}],"replies":[{"embeddable":true,"href":"https:\/\/camping.webspace.rocks\/index.php?rest_route=%2Fwp%2Fv2%2Fcomments&post=17225"}],"version-history":[{"count":3,"href":"https:\/\/camping.webspace.rocks\/index.php?rest_route=\/wp\/v2\/product\/17225\/revisions"}],"predecessor-version":[{"id":19590,"href":"https:\/\/camping.webspace.rocks\/index.php?rest_route=\/wp\/v2\/product\/17225\/revisions\/19590"}],"wp:featuredmedia":[{"embeddable":true,"href":"https:\/\/camping.webspace.rocks\/index.php?rest_route=\/wp\/v2\/media\/17226"}],"wp:attachment":[{"href":"https:\/\/camping.webspace.rocks\/index.php?rest_route=%2Fwp%2Fv2%2Fmedia&parent=17225"}],"wp:term":[{"taxonomy":"product_cat","embeddable":true,"href":"https:\/\/camping.webspace.rocks\/index.php?rest_route=%2Fwp%2Fv2%2Fproduct_cat&post=17225"},{"taxonomy":"product_tag","embeddable":true,"href":"https:\/\/camping.webspace.rocks\/index.php?rest_route=%2Fwp%2Fv2%2Fproduct_tag&post=17225"}],"curies":[{"name":"wp","href":"https:\/\/api.w.org\/{rel}","templated":true}]}}