{"id":17607,"date":"2021-07-29T22:02:11","date_gmt":"2021-07-29T22:02:11","guid":{"rendered":"https:\/\/camping.webspace.rocks\/?product=selfsatsnipe2rsingle-zubehoer-single-lnb"},"modified":"2023-04-10T12:49:45","modified_gmt":"2023-04-10T12:49:45","slug":"selfsatsnipe2rsingle-zubehoer-single-lnb","status":"publish","type":"product","link":"https:\/\/camping.webspace.rocks\/?product=selfsatsnipe2rsingle-zubehoer-single-lnb","title":{"rendered":"Selfsat Snipe 2 R Single mit Fernbedienung"},"content":{"rendered":"\n\t\t<style type=\"text\/css\">\n\t\t\t#gallery-1 {\n\t\t\t\tmargin: auto;\n\t\t\t}\n\t\t\t#gallery-1 .gallery-item {\n\t\t\t\tfloat: left;\n\t\t\t\tmargin-top: 10px;\n\t\t\t\ttext-align: center;\n\t\t\t\twidth: 33%;\n\t\t\t}\n\t\t\t#gallery-1 img {\n\t\t\t\tborder: 2px solid #cfcfcf;\n\t\t\t}\n\t\t\t#gallery-1 .gallery-caption {\n\t\t\t\tmargin-left: 0;\n\t\t\t}\n\t\t\t\/* see gallery_shortcode() in wp-includes\/media.php *\/\n\t\t<\/style>\n\t\t<div id='gallery-1' class='gallery galleryid-17607 gallery-columns-3 gallery-size-thumbnail'><dl class='gallery-item'>\n\t\t\t<dt class='gallery-icon landscape'>\n\t\t\t\t<a href='https:\/\/camping.webspace.rocks\/?attachment_id=17608'><img width=\"150\" height=\"150\" src=\"https:\/\/m.media-amazon.com\/images\/I\/419wZyygAWL._SS150_.jpg\" class=\"attachment-thumbnail size-thumbnail\" alt=\"\" loading=\"lazy\" srcset=\"https:\/\/m.media-amazon.com\/images\/I\/419wZyygAWL._SS150_.jpg 150w, https:\/\/m.media-amazon.com\/images\/I\/419wZyygAWL._SS300_.jpg 300w, https:\/\/m.media-amazon.com\/images\/I\/419wZyygAWL._SS768_.jpg 768w, https:\/\/m.media-amazon.com\/images\/I\/419wZyygAWL._SS1024_.jpg 1024w, https:\/\/m.media-amazon.com\/images\/I\/419wZyygAWL._SS1536_.jpg 1536w, https:\/\/m.media-amazon.com\/images\/I\/419wZyygAWL._SS2048_.jpg 2048w, https:\/\/m.media-amazon.com\/images\/I\/419wZyygAWL._SS1200_.jpg 1200w, https:\/\/m.media-amazon.com\/images\/I\/419wZyygAWL._SS600_.jpg 600w, https:\/\/m.media-amazon.com\/images\/I\/419wZyygAWL.jpg 500w\" sizes=\"(max-width: 150px) 100vw, 150px\" \/><\/a>\n\t\t\t<\/dt><\/dl><dl class='gallery-item'>\n\t\t\t<dt class='gallery-icon landscape'>\n\t\t\t\t<a href='https:\/\/camping.webspace.rocks\/?attachment_id=17609'><img width=\"150\" height=\"150\" src=\"https:\/\/m.media-amazon.com\/images\/I\/41jANeX+MRL._SS150_.jpg\" class=\"attachment-thumbnail size-thumbnail\" alt=\"\" loading=\"lazy\" srcset=\"https:\/\/m.media-amazon.com\/images\/I\/41jANeX+MRL._SS150_.jpg 150w, https:\/\/m.media-amazon.com\/images\/I\/41jANeX+MRL._SS300_.jpg 300w, https:\/\/m.media-amazon.com\/images\/I\/41jANeX+MRL._SS768_.jpg 768w, https:\/\/m.media-amazon.com\/images\/I\/41jANeX+MRL._SS1024_.jpg 1024w, https:\/\/m.media-amazon.com\/images\/I\/41jANeX+MRL._SS1536_.jpg 1536w, https:\/\/m.media-amazon.com\/images\/I\/41jANeX+MRL._SS2048_.jpg 2048w, https:\/\/m.media-amazon.com\/images\/I\/41jANeX+MRL._SS1200_.jpg 1200w, https:\/\/m.media-amazon.com\/images\/I\/41jANeX+MRL._SS600_.jpg 600w, https:\/\/m.media-amazon.com\/images\/I\/41jANeX+MRL.jpg 500w\" sizes=\"(max-width: 150px) 100vw, 150px\" \/><\/a>\n\t\t\t<\/dt><\/dl><dl class='gallery-item'>\n\t\t\t<dt class='gallery-icon landscape'>\n\t\t\t\t<a href='https:\/\/camping.webspace.rocks\/?attachment_id=17610'><img width=\"150\" height=\"150\" src=\"https:\/\/m.media-amazon.com\/images\/I\/31w7oH67j5L._SS150_.jpg\" class=\"attachment-thumbnail size-thumbnail\" alt=\"\" loading=\"lazy\" srcset=\"https:\/\/m.media-amazon.com\/images\/I\/31w7oH67j5L._SS150_.jpg 150w, https:\/\/m.media-amazon.com\/images\/I\/31w7oH67j5L._SS300_.jpg 300w, https:\/\/m.media-amazon.com\/images\/I\/31w7oH67j5L._SS768_.jpg 768w, https:\/\/m.media-amazon.com\/images\/I\/31w7oH67j5L._SS1024_.jpg 1024w, https:\/\/m.media-amazon.com\/images\/I\/31w7oH67j5L._SS1536_.jpg 1536w, https:\/\/m.media-amazon.com\/images\/I\/31w7oH67j5L._SS2048_.jpg 2048w, https:\/\/m.media-amazon.com\/images\/I\/31w7oH67j5L._SS1200_.jpg 1200w, https:\/\/m.media-amazon.com\/images\/I\/31w7oH67j5L._SS600_.jpg 600w, https:\/\/m.media-amazon.com\/images\/I\/31w7oH67j5L.jpg 500w\" sizes=\"(max-width: 150px) 100vw, 150px\" \/><\/a>\n\t\t\t<\/dt><\/dl><br style=\"clear: both\" \/>\n\t\t<\/div>\n\n<div class=\"disclaim\"> Gr\u00f6\u00dfe:<strong>Single LNB<\/strong> <\/div>\n<p> <!-- show up to 2 reviews by default --> <\/p>\n<p>Wir pr\u00e4sentieren mit der neuen Selfsat SNIPE 2 R die weltweit erste automatische Flachantenne mit Fernbedienung. Richten Sie komfortabel Ihre Antenne auf verschiedene Positionen aus ohne den zum Controller laufen zu m\u00fcssen. Durch eine Optimierung des Geh\u00e4usedesigns ist jetzt ein noch besserer Empfang m\u00f6glich. <\/p>\n<p>Geben Sie Ihr Modell ein, um sicherzustellen, dass dieser Artikel passt.<br \/>\nVOLLAUTOMATISCHE SAT-ANTENNE: Unterwegs das Wunschprogramm empfangen: Automatische Ausrichtung auf den Wunschsatelliten per Knopfdruck &#8211; M\u00fchsames Antennenausrichten entf\u00e4llt, 11 Satelliten vorprogrammiert &#8211; Automatische Einstellung von Elevation, Azimut und Skew<br \/>\n<div class=\"main-cross-sell\" data-asin=\"B07ZHH4DZF\">\n\n\t<div class=\"WooZone-cross-sell-loader\">\n\t\t<div>\n\t\t\t<div id=\"floatingBarsG\">\n\t\t\t\t<div class=\"blockG\" id=\"rotateG_01\"><\/div>\n\t\t\t\t<div class=\"blockG\" id=\"rotateG_02\"><\/div>\n\t\t\t\t<div class=\"blockG\" id=\"rotateG_03\"><\/div>\n\t\t\t\t<div class=\"blockG\" id=\"rotateG_04\"><\/div>\n\t\t\t\t<div class=\"blockG\" id=\"rotateG_05\"><\/div>\n\t\t\t\t<div class=\"blockG\" id=\"rotateG_06\"><\/div>\n\t\t\t\t<div class=\"blockG\" id=\"rotateG_07\"><\/div>\n\t\t\t\t<div class=\"blockG\" id=\"rotateG_08\"><\/div>\n\t\t\t<\/div>\n\t\t\t<div class=\"WooZone-cross-sell-loader-text\"><\/div>\n\t\t<\/div>\n\t<\/div>\n\n\t\t\n<\/div>\n<div style=\"clear:both;\"><\/div><\/p>\n","protected":false},"excerpt":{"rendered":"<p>Geben Sie Ihr Modell ein, um sicherzustellen, dass dieser Artikel passt.<br \/>\nVOLLAUTOMATISCHE SAT-ANTENNE: Unterwegs das Wunschprogramm empfangen: Automatische Ausrichtung auf den Wunschsatelliten per Knopfdruck &#8211; M\u00fchsames Antennenausrichten entf\u00e4llt, 11 Satelliten vorprogrammiert &#8211; Automatische Einstellung von Elevation, Azimut und Skew<\/p>\n","protected":false},"featured_media":17608,"comment_status":"open","ping_status":"closed","template":"","meta":[],"product_cat":[6949],"product_tag":[],"_links":{"self":[{"href":"https:\/\/camping.webspace.rocks\/index.php?rest_route=\/wp\/v2\/product\/17607"}],"collection":[{"href":"https:\/\/camping.webspace.rocks\/index.php?rest_route=\/wp\/v2\/product"}],"about":[{"href":"https:\/\/camping.webspace.rocks\/index.php?rest_route=\/wp\/v2\/types\/product"}],"replies":[{"embeddable":true,"href":"https:\/\/camping.webspace.rocks\/index.php?rest_route=%2Fwp%2Fv2%2Fcomments&post=17607"}],"version-history":[{"count":2,"href":"https:\/\/camping.webspace.rocks\/index.php?rest_route=\/wp\/v2\/product\/17607\/revisions"}],"predecessor-version":[{"id":19312,"href":"https:\/\/camping.webspace.rocks\/index.php?rest_route=\/wp\/v2\/product\/17607\/revisions\/19312"}],"wp:featuredmedia":[{"embeddable":true,"href":"https:\/\/camping.webspace.rocks\/index.php?rest_route=\/wp\/v2\/media\/17608"}],"wp:attachment":[{"href":"https:\/\/camping.webspace.rocks\/index.php?rest_route=%2Fwp%2Fv2%2Fmedia&parent=17607"}],"wp:term":[{"taxonomy":"product_cat","embeddable":true,"href":"https:\/\/camping.webspace.rocks\/index.php?rest_route=%2Fwp%2Fv2%2Fproduct_cat&post=17607"},{"taxonomy":"product_tag","embeddable":true,"href":"https:\/\/camping.webspace.rocks\/index.php?rest_route=%2Fwp%2Fv2%2Fproduct_tag&post=17607"}],"curies":[{"name":"wp","href":"https:\/\/api.w.org\/{rel}","templated":true}]}}