{"id":17993,"date":"2021-07-30T08:35:52","date_gmt":"2021-07-30T08:35:52","guid":{"rendered":"https:\/\/camping.webspace.rocks\/?product=salomon-herren-speedcross-4-gtx-trailrunning-wasserdichte-schuhe"},"modified":"2023-04-09T10:43:26","modified_gmt":"2023-04-09T10:43:26","slug":"salomon-herren-speedcross-4-gtx-trailrunning-wasserdichte-schuhe","status":"publish","type":"product","link":"https:\/\/camping.webspace.rocks\/?product=salomon-herren-speedcross-4-gtx-trailrunning-wasserdichte-schuhe","title":{"rendered":"Salomon Herren Speedcross 4 Gore-tex Traillaufschuhe"},"content":{"rendered":"<p>\n\t\t<style type=\"text\/css\">\n\t\t\t#gallery-1 {\n\t\t\t\tmargin: auto;\n\t\t\t}\n\t\t\t#gallery-1 .gallery-item {\n\t\t\t\tfloat: left;\n\t\t\t\tmargin-top: 10px;\n\t\t\t\ttext-align: center;\n\t\t\t\twidth: 33%;\n\t\t\t}\n\t\t\t#gallery-1 img {\n\t\t\t\tborder: 2px solid #cfcfcf;\n\t\t\t}\n\t\t\t#gallery-1 .gallery-caption {\n\t\t\t\tmargin-left: 0;\n\t\t\t}\n\t\t\t\/* see gallery_shortcode() in wp-includes\/media.php *\/\n\t\t<\/style>\n\t\t<div id='gallery-1' class='gallery galleryid-17993 gallery-columns-3 gallery-size-thumbnail'><dl class='gallery-item'>\n\t\t\t<dt class='gallery-icon landscape'>\n\t\t\t\t<a href='https:\/\/camping.webspace.rocks\/?attachment_id=17994'><img width=\"150\" height=\"150\" src=\"https:\/\/m.media-amazon.com\/images\/I\/41J6na2wvqL._SS150_.jpg\" class=\"attachment-thumbnail size-thumbnail\" alt=\"\" loading=\"lazy\" srcset=\"https:\/\/m.media-amazon.com\/images\/I\/41J6na2wvqL._SS150_.jpg 150w, https:\/\/m.media-amazon.com\/images\/I\/41J6na2wvqL._SS300_.jpg 300w, https:\/\/m.media-amazon.com\/images\/I\/41J6na2wvqL._SS768_.jpg 768w, https:\/\/m.media-amazon.com\/images\/I\/41J6na2wvqL._SS1024_.jpg 1024w, https:\/\/m.media-amazon.com\/images\/I\/41J6na2wvqL._SS1536_.jpg 1536w, https:\/\/m.media-amazon.com\/images\/I\/41J6na2wvqL._SS2048_.jpg 2048w, https:\/\/m.media-amazon.com\/images\/I\/41J6na2wvqL._SS1200_.jpg 1200w, https:\/\/m.media-amazon.com\/images\/I\/41J6na2wvqL._SS600_.jpg 600w, https:\/\/m.media-amazon.com\/images\/I\/41J6na2wvqL.jpg 500w\" sizes=\"(max-width: 150px) 100vw, 150px\" \/><\/a>\n\t\t\t<\/dt><\/dl><dl class='gallery-item'>\n\t\t\t<dt class='gallery-icon landscape'>\n\t\t\t\t<a href='https:\/\/camping.webspace.rocks\/?attachment_id=17995'><img width=\"150\" height=\"150\" src=\"https:\/\/m.media-amazon.com\/images\/I\/41YRpD34UgL._SS150_.jpg\" class=\"attachment-thumbnail size-thumbnail\" alt=\"\" loading=\"lazy\" srcset=\"https:\/\/m.media-amazon.com\/images\/I\/41YRpD34UgL._SS150_.jpg 150w, https:\/\/m.media-amazon.com\/images\/I\/41YRpD34UgL._SS300_.jpg 300w, https:\/\/m.media-amazon.com\/images\/I\/41YRpD34UgL._SS768_.jpg 768w, https:\/\/m.media-amazon.com\/images\/I\/41YRpD34UgL._SS1024_.jpg 1024w, https:\/\/m.media-amazon.com\/images\/I\/41YRpD34UgL._SS1536_.jpg 1536w, https:\/\/m.media-amazon.com\/images\/I\/41YRpD34UgL._SS2048_.jpg 2048w, https:\/\/m.media-amazon.com\/images\/I\/41YRpD34UgL._SS1200_.jpg 1200w, https:\/\/m.media-amazon.com\/images\/I\/41YRpD34UgL._SS600_.jpg 600w, https:\/\/m.media-amazon.com\/images\/I\/41YRpD34UgL.jpg 500w\" sizes=\"(max-width: 150px) 100vw, 150px\" \/><\/a>\n\t\t\t<\/dt><\/dl><dl class='gallery-item'>\n\t\t\t<dt class='gallery-icon landscape'>\n\t\t\t\t<a href='https:\/\/camping.webspace.rocks\/?attachment_id=17996'><img width=\"150\" height=\"150\" src=\"https:\/\/m.media-amazon.com\/images\/I\/410YzlCjM6L._SS150_.jpg\" class=\"attachment-thumbnail size-thumbnail\" alt=\"\" loading=\"lazy\" srcset=\"https:\/\/m.media-amazon.com\/images\/I\/410YzlCjM6L._SS150_.jpg 150w, https:\/\/m.media-amazon.com\/images\/I\/410YzlCjM6L._SS300_.jpg 300w, https:\/\/m.media-amazon.com\/images\/I\/410YzlCjM6L._SS768_.jpg 768w, https:\/\/m.media-amazon.com\/images\/I\/410YzlCjM6L._SS1024_.jpg 1024w, https:\/\/m.media-amazon.com\/images\/I\/410YzlCjM6L._SS1536_.jpg 1536w, https:\/\/m.media-amazon.com\/images\/I\/410YzlCjM6L._SS2048_.jpg 2048w, https:\/\/m.media-amazon.com\/images\/I\/410YzlCjM6L._SS1200_.jpg 1200w, https:\/\/m.media-amazon.com\/images\/I\/410YzlCjM6L._SS600_.jpg 600w, https:\/\/m.media-amazon.com\/images\/I\/410YzlCjM6L.jpg 500w\" sizes=\"(max-width: 150px) 100vw, 150px\" \/><\/a>\n\t\t\t<\/dt><\/dl><br style=\"clear: both\" \/>\n\t\t<\/div>\n<br \/>\n<!-- show up to 2 reviews by default --> <\/p>\n<p>Der SPEEDCROSS 4 GTX ist mehr als ein Laufschuh, er ist eine wahre Institution, auf die L\u00e4ufer zur\u00fcckgreifen, wenn sie geringes Gewicht und aggressiven Grip f\u00fcr technische Trails und weichen Untergrund suchen. Und dank GORE-TEX Schutz bist du auf dem Trail f\u00fcr jede Bedingung ger\u00fcstet. <\/p>\n<p>Obermaterial: Synthetic \/ Textile<br \/>\nInnenmaterial: Textil<br \/>\nSohle: Gummi<br \/>\nVerschluss: Schnellverschluss<br \/>\nAbsatzh\u00f6he: 1 cm<br \/>\nAbsatzform: Flach<br \/>\nMaterialzusammensetzung: Synthetik<br \/>\nSchuhweite: Nomal<br \/>\nNicht wasserdicht<br \/>\n<div class=\"main-cross-sell\" data-asin=\"B07KWB99PY\">\n\n\t<div class=\"WooZone-cross-sell-loader\">\n\t\t<div>\n\t\t\t<div id=\"floatingBarsG\">\n\t\t\t\t<div class=\"blockG\" id=\"rotateG_01\"><\/div>\n\t\t\t\t<div class=\"blockG\" id=\"rotateG_02\"><\/div>\n\t\t\t\t<div class=\"blockG\" id=\"rotateG_03\"><\/div>\n\t\t\t\t<div class=\"blockG\" id=\"rotateG_04\"><\/div>\n\t\t\t\t<div class=\"blockG\" id=\"rotateG_05\"><\/div>\n\t\t\t\t<div class=\"blockG\" id=\"rotateG_06\"><\/div>\n\t\t\t\t<div class=\"blockG\" id=\"rotateG_07\"><\/div>\n\t\t\t\t<div class=\"blockG\" id=\"rotateG_08\"><\/div>\n\t\t\t<\/div>\n\t\t\t<div class=\"WooZone-cross-sell-loader-text\"><\/div>\n\t\t<\/div>\n\t<\/div>\n\n\t\t\n<\/div>\n<div style=\"clear:both;\"><\/div><\/p>\n","protected":false},"excerpt":{"rendered":"<p>Obermaterial: Synthetic \/ Textile<br \/>\nInnenmaterial: Textil<br \/>\nSohle: Gummi<\/p>\n","protected":false},"featured_media":17994,"comment_status":"open","ping_status":"closed","template":"","meta":[],"product_cat":[7072,7073],"product_tag":[],"_links":{"self":[{"href":"https:\/\/camping.webspace.rocks\/index.php?rest_route=\/wp\/v2\/product\/17993"}],"collection":[{"href":"https:\/\/camping.webspace.rocks\/index.php?rest_route=\/wp\/v2\/product"}],"about":[{"href":"https:\/\/camping.webspace.rocks\/index.php?rest_route=\/wp\/v2\/types\/product"}],"replies":[{"embeddable":true,"href":"https:\/\/camping.webspace.rocks\/index.php?rest_route=%2Fwp%2Fv2%2Fcomments&post=17993"}],"version-history":[{"count":5,"href":"https:\/\/camping.webspace.rocks\/index.php?rest_route=\/wp\/v2\/product\/17993\/revisions"}],"predecessor-version":[{"id":19634,"href":"https:\/\/camping.webspace.rocks\/index.php?rest_route=\/wp\/v2\/product\/17993\/revisions\/19634"}],"wp:featuredmedia":[{"embeddable":true,"href":"https:\/\/camping.webspace.rocks\/index.php?rest_route=\/wp\/v2\/media\/17994"}],"wp:attachment":[{"href":"https:\/\/camping.webspace.rocks\/index.php?rest_route=%2Fwp%2Fv2%2Fmedia&parent=17993"}],"wp:term":[{"taxonomy":"product_cat","embeddable":true,"href":"https:\/\/camping.webspace.rocks\/index.php?rest_route=%2Fwp%2Fv2%2Fproduct_cat&post=17993"},{"taxonomy":"product_tag","embeddable":true,"href":"https:\/\/camping.webspace.rocks\/index.php?rest_route=%2Fwp%2Fv2%2Fproduct_tag&post=17993"}],"curies":[{"name":"wp","href":"https:\/\/api.w.org\/{rel}","templated":true}]}}