{"id":17997,"date":"2021-07-30T08:35:55","date_gmt":"2021-07-30T08:35:55","guid":{"rendered":"https:\/\/camping.webspace.rocks\/?product=adidas-performance-herren-terrex-swift-solo-trekking-wanderschuhe"},"modified":"2023-04-09T10:43:26","modified_gmt":"2023-04-09T10:43:26","slug":"adidas-performance-herren-terrex-swift-solo-trekking-wanderschuhe","status":"publish","type":"product","link":"https:\/\/camping.webspace.rocks\/?product=adidas-performance-herren-terrex-swift-solo-trekking-wanderschuhe","title":{"rendered":"adidas Herren Terrex Swift Solo D67033 Outdoor Fitnessschuhe"},"content":{"rendered":"<p>\n\t\t<style type=\"text\/css\">\n\t\t\t#gallery-1 {\n\t\t\t\tmargin: auto;\n\t\t\t}\n\t\t\t#gallery-1 .gallery-item {\n\t\t\t\tfloat: left;\n\t\t\t\tmargin-top: 10px;\n\t\t\t\ttext-align: center;\n\t\t\t\twidth: 33%;\n\t\t\t}\n\t\t\t#gallery-1 img {\n\t\t\t\tborder: 2px solid #cfcfcf;\n\t\t\t}\n\t\t\t#gallery-1 .gallery-caption {\n\t\t\t\tmargin-left: 0;\n\t\t\t}\n\t\t\t\/* see gallery_shortcode() in wp-includes\/media.php *\/\n\t\t<\/style>\n\t\t<div id='gallery-1' class='gallery galleryid-17997 gallery-columns-3 gallery-size-thumbnail'><dl class='gallery-item'>\n\t\t\t<dt class='gallery-icon landscape'>\n\t\t\t\t<a href='https:\/\/camping.webspace.rocks\/?attachment_id=17998'><img width=\"150\" height=\"150\" src=\"https:\/\/m.media-amazon.com\/images\/I\/515Mj9e9qlS._SS150_.jpg\" class=\"attachment-thumbnail size-thumbnail\" alt=\"\" loading=\"lazy\" srcset=\"https:\/\/m.media-amazon.com\/images\/I\/515Mj9e9qlS._SS150_.jpg 150w, https:\/\/m.media-amazon.com\/images\/I\/515Mj9e9qlS._SS300_.jpg 300w, https:\/\/m.media-amazon.com\/images\/I\/515Mj9e9qlS._SS768_.jpg 768w, https:\/\/m.media-amazon.com\/images\/I\/515Mj9e9qlS._SS1024_.jpg 1024w, https:\/\/m.media-amazon.com\/images\/I\/515Mj9e9qlS._SS1536_.jpg 1536w, https:\/\/m.media-amazon.com\/images\/I\/515Mj9e9qlS._SS2048_.jpg 2048w, https:\/\/m.media-amazon.com\/images\/I\/515Mj9e9qlS._SS1200_.jpg 1200w, https:\/\/m.media-amazon.com\/images\/I\/515Mj9e9qlS._SS600_.jpg 600w, https:\/\/m.media-amazon.com\/images\/I\/515Mj9e9qlS.jpg 500w\" sizes=\"(max-width: 150px) 100vw, 150px\" \/><\/a>\n\t\t\t<\/dt><\/dl><dl class='gallery-item'>\n\t\t\t<dt class='gallery-icon landscape'>\n\t\t\t\t<a href='https:\/\/camping.webspace.rocks\/?attachment_id=17999'><img width=\"150\" height=\"150\" src=\"https:\/\/m.media-amazon.com\/images\/I\/41-21sOev8S._SS150_.jpg\" class=\"attachment-thumbnail size-thumbnail\" alt=\"\" loading=\"lazy\" srcset=\"https:\/\/m.media-amazon.com\/images\/I\/41-21sOev8S._SS150_.jpg 150w, https:\/\/m.media-amazon.com\/images\/I\/41-21sOev8S._SS300_.jpg 300w, https:\/\/m.media-amazon.com\/images\/I\/41-21sOev8S._SS768_.jpg 768w, https:\/\/m.media-amazon.com\/images\/I\/41-21sOev8S._SS1024_.jpg 1024w, https:\/\/m.media-amazon.com\/images\/I\/41-21sOev8S._SS1536_.jpg 1536w, https:\/\/m.media-amazon.com\/images\/I\/41-21sOev8S._SS2048_.jpg 2048w, https:\/\/m.media-amazon.com\/images\/I\/41-21sOev8S._SS1200_.jpg 1200w, https:\/\/m.media-amazon.com\/images\/I\/41-21sOev8S._SS600_.jpg 600w, https:\/\/m.media-amazon.com\/images\/I\/41-21sOev8S.jpg 500w\" sizes=\"(max-width: 150px) 100vw, 150px\" \/><\/a>\n\t\t\t<\/dt><\/dl><dl class='gallery-item'>\n\t\t\t<dt class='gallery-icon landscape'>\n\t\t\t\t<a href='https:\/\/camping.webspace.rocks\/?attachment_id=18000'><img width=\"150\" height=\"150\" src=\"https:\/\/m.media-amazon.com\/images\/I\/41+tm1n9UTS._SS150_.jpg\" class=\"attachment-thumbnail size-thumbnail\" alt=\"\" loading=\"lazy\" srcset=\"https:\/\/m.media-amazon.com\/images\/I\/41+tm1n9UTS._SS150_.jpg 150w, https:\/\/m.media-amazon.com\/images\/I\/41+tm1n9UTS._SS300_.jpg 300w, https:\/\/m.media-amazon.com\/images\/I\/41+tm1n9UTS._SS768_.jpg 768w, https:\/\/m.media-amazon.com\/images\/I\/41+tm1n9UTS._SS1024_.jpg 1024w, https:\/\/m.media-amazon.com\/images\/I\/41+tm1n9UTS._SS1536_.jpg 1536w, https:\/\/m.media-amazon.com\/images\/I\/41+tm1n9UTS._SS2048_.jpg 2048w, https:\/\/m.media-amazon.com\/images\/I\/41+tm1n9UTS._SS1200_.jpg 1200w, https:\/\/m.media-amazon.com\/images\/I\/41+tm1n9UTS._SS600_.jpg 600w, https:\/\/m.media-amazon.com\/images\/I\/41+tm1n9UTS.jpg 500w\" sizes=\"(max-width: 150px) 100vw, 150px\" \/><\/a>\n\t\t\t<\/dt><\/dl><br style=\"clear: both\" \/>\n\t\t<\/div>\n<br \/>\n<!-- show up to 2 reviews by default --> <\/p>\n<p>\u2022 Mesh-Obermaterial f\u00fcr mehr Atmungsaktivit\u00e4t und Haltbarkeit. \u2022 Asymmetrische Fersenschlaufen erm\u00f6glichen ein leichtes Befestigen an Rucksack oder Klettergurt. \u2022 Outdoor Spezifische Sohlenkonstruktion mit leichter Profilierung im Fersenbereich. Textil \/ Synthesefaser <\/p>\n<p>Obermaterial: Synthetisch<br \/>\nInnenmaterial: Textil<br \/>\nSohle: Gummi<br \/>\nVerschluss: Schn\u00fcrsenkel<br \/>\nAbsatzh\u00f6he: 1 cm<br \/>\nAbsatzform: Flach<br \/>\nMaterialzusammensetzung: Textil<br \/>\nGr\u00f6\u00dfenhinweis: F\u00e4llt regul\u00e4r aus<br \/>\nSchuhweite: Normal unisex_eu<br \/>\nWasserabweisend<br \/>\n<div class=\"main-cross-sell\" data-asin=\"B00GS5J610\">\n\n\t<div class=\"WooZone-cross-sell-loader\">\n\t\t<div>\n\t\t\t<div id=\"floatingBarsG\">\n\t\t\t\t<div class=\"blockG\" id=\"rotateG_01\"><\/div>\n\t\t\t\t<div class=\"blockG\" id=\"rotateG_02\"><\/div>\n\t\t\t\t<div class=\"blockG\" id=\"rotateG_03\"><\/div>\n\t\t\t\t<div class=\"blockG\" id=\"rotateG_04\"><\/div>\n\t\t\t\t<div class=\"blockG\" id=\"rotateG_05\"><\/div>\n\t\t\t\t<div class=\"blockG\" id=\"rotateG_06\"><\/div>\n\t\t\t\t<div class=\"blockG\" id=\"rotateG_07\"><\/div>\n\t\t\t\t<div class=\"blockG\" id=\"rotateG_08\"><\/div>\n\t\t\t<\/div>\n\t\t\t<div class=\"WooZone-cross-sell-loader-text\"><\/div>\n\t\t<\/div>\n\t<\/div>\n\n\t\t\n<\/div>\n<div style=\"clear:both;\"><\/div><\/p>\n","protected":false},"excerpt":{"rendered":"<p>Obermaterial: Synthetisch<br \/>\nInnenmaterial: Textil<br \/>\nSohle: Gummi<\/p>\n","protected":false},"featured_media":17998,"comment_status":"open","ping_status":"closed","template":"","meta":[],"product_cat":[7072,7073],"product_tag":[],"_links":{"self":[{"href":"https:\/\/camping.webspace.rocks\/index.php?rest_route=\/wp\/v2\/product\/17997"}],"collection":[{"href":"https:\/\/camping.webspace.rocks\/index.php?rest_route=\/wp\/v2\/product"}],"about":[{"href":"https:\/\/camping.webspace.rocks\/index.php?rest_route=\/wp\/v2\/types\/product"}],"replies":[{"embeddable":true,"href":"https:\/\/camping.webspace.rocks\/index.php?rest_route=%2Fwp%2Fv2%2Fcomments&post=17997"}],"version-history":[{"count":2,"href":"https:\/\/camping.webspace.rocks\/index.php?rest_route=\/wp\/v2\/product\/17997\/revisions"}],"predecessor-version":[{"id":19853,"href":"https:\/\/camping.webspace.rocks\/index.php?rest_route=\/wp\/v2\/product\/17997\/revisions\/19853"}],"wp:featuredmedia":[{"embeddable":true,"href":"https:\/\/camping.webspace.rocks\/index.php?rest_route=\/wp\/v2\/media\/17998"}],"wp:attachment":[{"href":"https:\/\/camping.webspace.rocks\/index.php?rest_route=%2Fwp%2Fv2%2Fmedia&parent=17997"}],"wp:term":[{"taxonomy":"product_cat","embeddable":true,"href":"https:\/\/camping.webspace.rocks\/index.php?rest_route=%2Fwp%2Fv2%2Fproduct_cat&post=17997"},{"taxonomy":"product_tag","embeddable":true,"href":"https:\/\/camping.webspace.rocks\/index.php?rest_route=%2Fwp%2Fv2%2Fproduct_tag&post=17997"}],"curies":[{"name":"wp","href":"https:\/\/api.w.org\/{rel}","templated":true}]}}